Last updated on 2024-07-27 01:53:20 CEST.
Flavor | Version | Tinstall | Tcheck | Ttotal | Status | Flags |
---|---|---|---|---|---|---|
r-devel-linux-x86_64-debian-clang | 0.1.2 | 3.27 | 40.20 | 43.47 | OK | |
r-devel-linux-x86_64-debian-gcc | 0.1.2 | 2.19 | 28.08 | 30.27 | NOTE | |
r-devel-linux-x86_64-fedora-clang | 0.1.2 | 52.60 | OK | |||
r-devel-linux-x86_64-fedora-gcc | 0.1.2 | 52.77 | OK | |||
r-devel-windows-x86_64 | 0.1.2 | 3.00 | 49.00 | 52.00 | NOTE | |
r-patched-linux-x86_64 | 0.1.2 | OK | ||||
r-release-linux-x86_64 | 0.1.2 | 3.17 | 38.61 | 41.78 | OK | |
r-release-macos-arm64 | 0.1.2 | 18.00 | OK | |||
r-release-macos-x86_64 | 0.1.2 | 27.00 | OK | |||
r-release-windows-x86_64 | 0.1.2 | 3.00 | 48.00 | 51.00 | OK | |
r-oldrel-macos-arm64 | 0.1.2 | 26.00 | OK | |||
r-oldrel-macos-x86_64 | 0.1.2 | 25.00 | OK | |||
r-oldrel-windows-x86_64 | 0.1.2 | 3.00 | 53.00 | 56.00 | OK |
Version: 0.1.2
Check: Rd cross-references
Result: NOTE
Found the following Rd file(s) with Rd \link{} targets missing package
anchors:
ddist.Rd: extraDistr
Please provide package anchors for all Rd \link{} targets not in the
package itself and the base packages.
Flavors: r-devel-linux-x86_64-debian-gcc, r-devel-windows-x86_64