Last updated on 2025-05-04 02:50:14 CEST.
Flavor | Version | Tinstall | Tcheck | Ttotal | Status | Flags |
---|---|---|---|---|---|---|
r-devel-linux-x86_64-debian-clang | 0.5.0 | 8.17 | 105.09 | 113.26 | NOTE | |
r-devel-linux-x86_64-debian-gcc | 0.5.0 | 5.90 | 75.62 | 81.52 | NOTE | |
r-devel-linux-x86_64-fedora-clang | 0.5.0 | 176.88 | OK | |||
r-devel-linux-x86_64-fedora-gcc | 0.5.0 | 185.32 | OK | |||
r-devel-windows-x86_64 | 0.5.0 | 9.00 | 119.00 | 128.00 | OK | |
r-patched-linux-x86_64 | 0.5.0 | 8.99 | 100.96 | 109.95 | OK | |
r-release-linux-x86_64 | OK | |||||
r-release-macos-arm64 | 0.5.0 | 70.00 | OK | |||
r-release-macos-x86_64 | 0.5.0 | 106.00 | OK | |||
r-release-windows-x86_64 | 0.5.0 | 9.00 | 112.00 | 121.00 | OK | |
r-oldrel-macos-arm64 | 0.5.0 | 54.00 | OK | |||
r-oldrel-macos-x86_64 | 0.5.0 | 87.00 | OK | |||
r-oldrel-windows-x86_64 | 0.5.0 | 11.00 | 140.00 | 151.00 | OK |
Version: 0.5.0
Check: CRAN incoming feasibility
Result: NOTE
Maintainer: ‘Tianchen Xu <zjph602xutianchen@gmail.com>’
No Authors@R field in DESCRIPTION.
Please add one, modifying
Authors@R: person(given = "Tianchen",
family = "Xu",
role = c("aut", "cre"),
email = "zjph602xutianchen@gmail.com",
comment = c(ORCID = "0000-0002-0102-7630"))
as necessary.
Flavors: r-devel-linux-x86_64-debian-clang, r-devel-linux-x86_64-debian-gcc