CRAN Package Check Results for Package PakPC2017

Last updated on 2025-05-24 01:51:29 CEST.

Flavor Version Tinstall Tcheck Ttotal Status Flags
r-devel-linux-x86_64-debian-clang 1.0.0 5.79 40.31 46.10 OK
r-devel-linux-x86_64-debian-gcc 1.0.0 4.18 30.23 34.41 OK
r-devel-linux-x86_64-fedora-clang 1.0.0 74.36 NOTE
r-devel-linux-x86_64-fedora-gcc 1.0.0 84.97 NOTE
r-devel-windows-x86_64 1.0.0 9.00 61.00 70.00 OK
r-patched-linux-x86_64 1.0.0 5.09 38.09 43.18 OK
r-release-linux-x86_64 1.0.0 6.41 38.14 44.55 OK
r-release-macos-arm64 1.0.0 31.00 OK
r-release-macos-x86_64 1.0.0 60.00 OK
r-release-windows-x86_64 1.0.0 8.00 61.00 69.00 OK
r-oldrel-macos-arm64 1.0.0 29.00 OK
r-oldrel-macos-x86_64 1.0.0 46.00 OK
r-oldrel-windows-x86_64 1.0.0 9.00 70.00 79.00 OK

Check Details

Version: 1.0.0
Check: dependencies in R code
Result: NOTE Namespace in Imports field not imported from: ‘stats’ All declared Imports should be used. Flavors: r-devel-linux-x86_64-fedora-clang, r-devel-linux-x86_64-fedora-gcc