CRAN Package Check Results for Package ParDNAcopy

Last updated on 2025-05-08 01:51:13 CEST.

Flavor Version Tinstall Tcheck Ttotal Status Flags
r-devel-linux-x86_64-debian-clang 2.0 1.47 17.89 19.36 NOTE
r-devel-linux-x86_64-debian-gcc 2.0 1.40 14.61 16.01 NOTE
r-devel-linux-x86_64-fedora-clang 2.0 32.27 NOTE
r-devel-linux-x86_64-fedora-gcc 2.0 28.85 NOTE
r-devel-windows-x86_64 2.0 3.00 39.00 42.00 NOTE
r-patched-linux-x86_64 2.0 1.62 17.23 18.85 NOTE
r-release-linux-x86_64 2.0 1.62 17.17 18.79 NOTE
r-release-macos-arm64 2.0 17.00 NOTE
r-release-macos-x86_64 2.0 24.00 NOTE
r-release-windows-x86_64 2.0 2.00 42.00 44.00 NOTE
r-oldrel-macos-arm64 2.0 16.00 NOTE
r-oldrel-macos-x86_64 2.0 20.00 NOTE
r-oldrel-windows-x86_64 2.0 2.00 40.00 42.00 NOTE

Check Details

Version: 2.0
Check: CRAN incoming feasibility
Result: NOTE Maintainer: ‘Guoli Sun <guolisun87@gmail.com>’ No Authors@R field in DESCRIPTION. Please add one, modifying Authors@R: c(person(given = "Alex", family = "Krasnitz", role = "aut"), person(given = "Guoli", family = "Sun", role = c("aut", "cre"), email = "guolisun87@gmail.com")) as necessary. Flavors: r-devel-linux-x86_64-debian-clang, r-devel-linux-x86_64-debian-gcc

Version: 2.0
Check: DESCRIPTION meta-information
Result: NOTE Malformed Description field: should contain one or more complete sentences. Flavors: r-devel-linux-x86_64-debian-clang, r-devel-linux-x86_64-debian-gcc, r-devel-linux-x86_64-fedora-clang, r-devel-linux-x86_64-fedora-gcc, r-devel-windows-x86_64, r-patched-linux-x86_64, r-release-linux-x86_64, r-release-macos-arm64, r-release-macos-x86_64, r-release-windows-x86_64, r-oldrel-macos-arm64, r-oldrel-macos-x86_64, r-oldrel-windows-x86_64