Last updated on 2025-11-19 01:48:56 CET.
| Flavor | Version | Tinstall | Tcheck | Ttotal | Status | Flags |
|---|---|---|---|---|---|---|
| r-devel-linux-x86_64-debian-clang | 1.4.4 | 6.38 | 827.45 | 833.83 | OK | |
| r-devel-linux-x86_64-debian-gcc | 1.4.4 | 4.88 | 549.79 | 554.67 | OK | |
| r-devel-linux-x86_64-fedora-clang | 1.4.4 | 43.00 | 1330.10 | 1373.10 | OK | |
| r-devel-linux-x86_64-fedora-gcc | 1.4.4 | 30.00 | 1279.03 | 1309.03 | OK | |
| r-devel-windows-x86_64 | 1.4.4 | 10.00 | 531.00 | 541.00 | OK | |
| r-patched-linux-x86_64 | 1.4.4 | 7.29 | 779.70 | 786.99 | OK | |
| r-release-linux-x86_64 | 1.4.4 | 7.41 | 801.10 | 808.51 | OK | |
| r-release-macos-arm64 | 1.4.4 | 3.00 | 272.00 | 275.00 | OK | |
| r-release-macos-x86_64 | 1.4.4 | 11.00 | 960.00 | 971.00 | OK | |
| r-release-windows-x86_64 | 1.4.4 | 8.00 | 533.00 | 541.00 | OK | |
| r-oldrel-macos-arm64 | 1.4.4 | 3.00 | 271.00 | 274.00 | OK | |
| r-oldrel-macos-x86_64 | 1.4.4 | 12.00 | ERROR | |||
| r-oldrel-windows-x86_64 | 1.4.4 | 11.00 | 808.00 | 819.00 | OK |
Version: 1.4.4
Check: package dependencies
Result: ERROR
Package required and available but unsuitable version: ‘omopgenerics’
See section ‘The DESCRIPTION file’ in the ‘Writing R Extensions’
manual.
Flavor: r-oldrel-macos-x86_64