Last updated on 2025-05-05 01:50:55 CEST.
Flavor | Version | Tinstall | Tcheck | Ttotal | Status | Flags |
---|---|---|---|---|---|---|
r-devel-linux-x86_64-debian-clang | 1.0 | 1.72 | 16.56 | 18.28 | NOTE | |
r-devel-linux-x86_64-debian-gcc | 1.0 | 1.28 | 13.72 | 15.00 | NOTE | |
r-devel-linux-x86_64-fedora-clang | 1.0 | 29.01 | NOTE | |||
r-devel-linux-x86_64-fedora-gcc | 1.0 | 27.63 | NOTE | |||
r-devel-windows-x86_64 | 1.0 | 3.00 | 34.00 | 37.00 | NOTE | |
r-patched-linux-x86_64 | 1.0 | 1.70 | 15.90 | 17.60 | NOTE | |
r-release-linux-x86_64 | 1.0 | 1.72 | 16.38 | 18.10 | NOTE | |
r-release-macos-arm64 | 1.0 | 13.00 | NOTE | |||
r-release-macos-x86_64 | 1.0 | 20.00 | NOTE | |||
r-release-windows-x86_64 | 1.0 | 3.00 | 35.00 | 38.00 | NOTE | |
r-oldrel-macos-arm64 | 1.0 | 13.00 | NOTE | |||
r-oldrel-macos-x86_64 | 1.0 | 18.00 | NOTE | |||
r-oldrel-windows-x86_64 | 1.0 | 3.00 | 35.00 | 38.00 | NOTE |
Version: 1.0
Check: CRAN incoming feasibility
Result: NOTE
Maintainer: ‘Yuanhui Xiao <xiao_yuanhui@hotmail.com>’
No Authors@R field in DESCRIPTION.
Please add one, modifying
Authors@R: person(given = "Yuanhui",
family = "Xiao",
role = c("aut", "cre"),
email = "xiao_yuanhui@hotmail.com")
as necessary.
Flavors: r-devel-linux-x86_64-debian-clang, r-devel-linux-x86_64-debian-gcc
Version: 1.0
Check: Rd files
Result: NOTE
checkRd: (-1) Peacock.test-package.Rd:28: Escaped LaTeX specials: \_
Flavors: r-devel-linux-x86_64-debian-clang, r-devel-linux-x86_64-debian-gcc, r-devel-linux-x86_64-fedora-clang, r-devel-linux-x86_64-fedora-gcc, r-devel-windows-x86_64, r-patched-linux-x86_64, r-release-linux-x86_64, r-release-macos-arm64, r-release-macos-x86_64, r-release-windows-x86_64, r-oldrel-macos-arm64, r-oldrel-macos-x86_64, r-oldrel-windows-x86_64