CRAN Package Check Results for Package PersianStemmer

Last updated on 2025-11-19 01:48:57 CET.

Flavor Version Tinstall Tcheck Ttotal Status Flags
r-devel-linux-x86_64-debian-clang 1.0 2.76 26.17 28.93 NOTE
r-devel-linux-x86_64-debian-gcc 1.0 2.11 20.31 22.42 NOTE
r-devel-linux-x86_64-fedora-clang 1.0 42.39 OK
r-devel-linux-x86_64-fedora-gcc 1.0 39.17 OK
r-devel-windows-x86_64 1.0 4.00 42.00 46.00 OK
r-patched-linux-x86_64 1.0 2.66 23.93 26.59 OK
r-release-linux-x86_64 1.0 2.57 24.09 26.66 OK
r-release-macos-arm64 1.0 1.00 16.00 17.00 OK
r-release-macos-x86_64 1.0 2.00 23.00 25.00 OK
r-release-windows-x86_64 1.0 4.00 39.00 43.00 OK
r-oldrel-macos-arm64 1.0 1.00 15.00 16.00 OK
r-oldrel-macos-x86_64 1.0 2.00 22.00 24.00 OK
r-oldrel-windows-x86_64 1.0 4.00 41.00 45.00 OK

Check Details

Version: 1.0
Check: CRAN incoming feasibility
Result: NOTE Maintainer: ‘Roozbeh Safshekan <rse@mit.edu>’ No Authors@R field in DESCRIPTION. Please add one, modifying Authors@R: c(person(given = "Roozbeh", family = "Safshekan", role = c("aut", "cre"), email = "rse@mit.edu"), person(given = "Rich", family = "Nielsen", role = "aut")) as necessary. Flavors: r-devel-linux-x86_64-debian-clang, r-devel-linux-x86_64-debian-gcc