CRAN Package Check Results for Package PhylogeneticEM

Last updated on 2025-02-14 02:49:51 CET.

Flavor Version Tinstall Tcheck Ttotal Status Flags
r-devel-linux-x86_64-debian-clang 1.7.0 39.51 393.33 432.84 NOTE
r-devel-linux-x86_64-debian-gcc 1.7.0 29.85 258.68 288.53 NOTE
r-devel-linux-x86_64-fedora-clang 1.7.0 764.66 OK
r-devel-linux-x86_64-fedora-gcc 1.7.0 684.03 OK
r-devel-windows-x86_64 1.7.0 48.00 371.00 419.00 NOTE
r-patched-linux-x86_64 1.7.0 47.52 368.07 415.59 OK
r-release-linux-x86_64 1.7.0 42.08 367.15 409.23 OK
r-release-macos-arm64 1.7.0 167.00 NOTE
r-release-macos-x86_64 1.7.0 274.00 NOTE
r-release-windows-x86_64 1.7.0 48.00 371.00 419.00 OK
r-oldrel-macos-arm64 1.7.0 179.00 NOTE
r-oldrel-macos-x86_64 1.7.0 424.00 NOTE
r-oldrel-windows-x86_64 1.7.0 58.00 482.00 540.00 OK

Check Details

Version: 1.7.0
Check: Rd cross-references
Result: NOTE Found the following Rd file(s) with Rd \link{} targets missing package anchors: PhyloEM.Rd: ape, is.ultrametric, di2multi estimateEM.Rd: ape plot.PhyloEM.Rd: plot.phylo plot.equivalent_shifts.Rd: plot.phylo plot.params_process.Rd: plot.phylo Please provide package anchors for all Rd \link{} targets not in the package itself and the base packages. Flavors: r-devel-linux-x86_64-debian-clang, r-devel-linux-x86_64-debian-gcc, r-devel-windows-x86_64

Version: 1.7.0
Check: installed package size
Result: NOTE installed size is 5.1Mb sub-directories of 1Mb or more: libs 3.5Mb Flavors: r-release-macos-arm64, r-release-macos-x86_64, r-oldrel-macos-arm64, r-oldrel-macos-x86_64