Last updated on 2025-10-02 01:50:06 CEST.
Flavor | Version | Tinstall | Tcheck | Ttotal | Status | Flags |
---|---|---|---|---|---|---|
r-devel-linux-x86_64-debian-clang | 3.6.0 | 35.21 | 240.56 | 275.77 | NOTE | |
r-devel-linux-x86_64-debian-gcc | 3.6.0 | 26.53 | 154.74 | 181.27 | NOTE | |
r-devel-linux-x86_64-fedora-clang | 3.6.0 | 444.62 | NOTE | |||
r-devel-linux-x86_64-fedora-gcc | 3.6.0 | 427.63 | NOTE | |||
r-devel-windows-x86_64 | 3.6.0 | 38.00 | 251.00 | 289.00 | NOTE | |
r-patched-linux-x86_64 | 3.6.0 | 36.51 | 223.31 | 259.82 | NOTE | |
r-release-linux-x86_64 | 3.6.0 | 35.74 | 224.75 | 260.49 | NOTE | |
r-release-macos-arm64 | 3.6.0 | 112.00 | NOTE | |||
r-release-macos-x86_64 | 3.6.0 | 231.00 | NOTE | |||
r-release-windows-x86_64 | 3.6.0 | 38.00 | 254.00 | 292.00 | NOTE | |
r-oldrel-macos-arm64 | 3.6.0 | 106.00 | OK | |||
r-oldrel-macos-x86_64 | 3.6.0 | 221.00 | OK | |||
r-oldrel-windows-x86_64 | 3.6.0 | 53.00 | 323.00 | 376.00 | OK |
Version: 3.6.0
Check: DESCRIPTION meta-information
Result: NOTE
Missing dependency on R >= 4.1.0 because package code uses the pipe
|> or function shorthand \(...) syntax added in R 4.1.0.
File(s) using such syntax:
‘VDJ_build.R’
Flavors: r-devel-linux-x86_64-debian-clang, r-devel-linux-x86_64-debian-gcc, r-devel-linux-x86_64-fedora-clang, r-devel-linux-x86_64-fedora-gcc, r-devel-windows-x86_64, r-patched-linux-x86_64, r-release-linux-x86_64, r-release-macos-arm64, r-release-macos-x86_64, r-release-windows-x86_64