Last updated on 2025-11-19 01:48:57 CET.
| Flavor | Version | Tinstall | Tcheck | Ttotal | Status | Flags |
|---|---|---|---|---|---|---|
| r-devel-linux-x86_64-debian-clang | 1.3.3 | 7.66 | 58.83 | 66.49 | NOTE | |
| r-devel-linux-x86_64-debian-gcc | 1.3.3 | 5.41 | 44.41 | 49.82 | NOTE | |
| r-devel-linux-x86_64-fedora-clang | 1.3.3 | 16.00 | 82.95 | 98.95 | OK | |
| r-devel-linux-x86_64-fedora-gcc | 1.3.3 | 16.00 | 79.41 | 95.41 | OK | |
| r-devel-windows-x86_64 | 1.3.3 | 11.00 | 69.00 | 80.00 | OK | |
| r-patched-linux-x86_64 | 1.3.3 | 7.91 | 55.96 | 63.87 | OK | |
| r-release-linux-x86_64 | 1.3.3 | 6.27 | 56.85 | 63.12 | OK | |
| r-release-macos-arm64 | 1.3.3 | 3.00 | 30.00 | 33.00 | OK | |
| r-release-macos-x86_64 | 1.3.3 | 6.00 | 52.00 | 58.00 | OK | |
| r-release-windows-x86_64 | 1.3.3 | 8.00 | 88.00 | 96.00 | OK | |
| r-oldrel-macos-arm64 | 1.3.3 | 3.00 | 26.00 | 29.00 | OK | |
| r-oldrel-macos-x86_64 | 1.3.3 | 5.00 | 39.00 | 44.00 | OK | |
| r-oldrel-windows-x86_64 | 1.3.3 | 11.00 | 82.00 | 93.00 | OK |
Version: 1.3.3
Check: CRAN incoming feasibility
Result: NOTE
Maintainer: ‘Ran Gao <rgao8@uic.edu>’
No Authors@R field in DESCRIPTION.
Please add one, modifying
Authors@R: c(person(given = "Gul",
family = "Inan",
role = "aut"),
person(given = "Hakan",
family = "Demirtas",
role = "aut"),
person(given = "Ran",
family = "Gao",
role = c("aut", "cre"),
email = "rgao8@uic.edu"))
as necessary.
Flavors: r-devel-linux-x86_64-debian-clang, r-devel-linux-x86_64-debian-gcc