Last updated on 2025-11-13 02:52:28 CET.
| Flavor | Version | Tinstall | Tcheck | Ttotal | Status | Flags |
|---|---|---|---|---|---|---|
| r-devel-linux-x86_64-debian-clang | 1.6.3 | 9.00 | 76.99 | 85.99 | NOTE | |
| r-devel-linux-x86_64-debian-gcc | 1.6.3 | 6.69 | 55.01 | 61.70 | NOTE | |
| r-devel-linux-x86_64-fedora-clang | 1.6.3 | 22.00 | 111.29 | 133.29 | OK | |
| r-devel-linux-x86_64-fedora-gcc | 1.6.3 | 18.00 | 104.10 | 122.10 | OK | |
| r-devel-windows-x86_64 | 1.6.3 | 10.00 | 81.00 | 91.00 | OK | |
| r-patched-linux-x86_64 | 1.6.3 | 9.46 | 71.39 | 80.85 | OK | |
| r-release-linux-x86_64 | 1.6.3 | 9.78 | 72.41 | 82.19 | OK | |
| r-release-macos-arm64 | 1.6.3 | 4.00 | 27.00 | 31.00 | OK | |
| r-release-macos-x86_64 | 1.6.3 | 9.00 | 52.00 | 61.00 | OK | |
| r-release-windows-x86_64 | 1.6.3 | 11.00 | 78.00 | 89.00 | OK | |
| r-oldrel-macos-arm64 | 1.6.3 | 3.00 | 27.00 | 30.00 | OK | |
| r-oldrel-macos-x86_64 | 1.6.3 | 5.00 | 40.00 | 45.00 | OK | |
| r-oldrel-windows-x86_64 | 1.6.3 | 13.00 | 98.00 | 111.00 | OK |
Version: 1.6.3
Check: CRAN incoming feasibility
Result: NOTE
Maintainer: ‘Ran Gao <rgao8@uic.edu>’
No Authors@R field in DESCRIPTION.
Please add one, modifying
Authors@R: c(person(given = "Hakan",
family = "Demirtas",
role = "aut"),
person(given = "Yiran",
family = "Hu",
role = "aut"),
person(given = "Rawan",
family = "Allozi",
role = "aut"),
person(given = "Ran",
family = "Gao",
role = c("aut", "cre"),
email = "rgao8@uic.edu"))
as necessary.
Flavors: r-devel-linux-x86_64-debian-clang, r-devel-linux-x86_64-debian-gcc