CRAN Package Check Results for Package PolyTrend

Last updated on 2025-05-04 02:50:14 CEST.

Flavor Version Tinstall Tcheck Ttotal Status Flags
r-devel-linux-x86_64-debian-clang 1.2 1.85 22.12 23.97 NOTE
r-devel-linux-x86_64-debian-gcc 1.2 1.43 18.21 19.64 NOTE
r-devel-linux-x86_64-fedora-clang 1.2 36.70 OK
r-devel-linux-x86_64-fedora-gcc 1.2 35.17 OK
r-devel-windows-x86_64 1.2 3.00 43.00 46.00 OK
r-patched-linux-x86_64 1.2 1.79 21.24 23.03 OK
r-release-linux-x86_64 OK
r-release-macos-arm64 1.2 19.00 OK
r-release-macos-x86_64 1.2 32.00 OK
r-release-windows-x86_64 1.2 3.00 43.00 46.00 OK
r-oldrel-macos-arm64 1.2 16.00 OK
r-oldrel-macos-x86_64 1.2 24.00 OK
r-oldrel-windows-x86_64 1.2 3.00 41.00 44.00 OK

Check Details

Version: 1.2
Check: CRAN incoming feasibility
Result: NOTE Maintainer: ‘Hristo Tomov <tomov.hristo@gmail.com>’ No Authors@R field in DESCRIPTION. Please add one, modifying Authors@R: c(person(given = "Sadegh", family = "Jamali", role = "aut"), person(given = "Hristo", family = "Tomov", role = c("aut", "cre"), email = "tomov.hristo@gmail.com")) as necessary. File 'R/PolyTrend-internal.R' sets .Random.seed. This is usually neither needed nor wanted. Flavors: r-devel-linux-x86_64-debian-clang, r-devel-linux-x86_64-debian-gcc