Last updated on 2024-07-27 01:53:19 CEST.
Flavor | Version | Tinstall | Tcheck | Ttotal | Status | Flags |
---|---|---|---|---|---|---|
r-devel-linux-x86_64-debian-clang | 0.1.3 | 271.49 | 166.42 | 437.91 | NOTE | |
r-devel-linux-x86_64-debian-gcc | 0.1.3 | 226.03 | 141.92 | 367.95 | NOTE | |
r-devel-linux-x86_64-fedora-clang | 0.1.3 | 590.73 | NOTE | |||
r-devel-linux-x86_64-fedora-gcc | 0.1.3 | 779.80 | NOTE | |||
r-devel-windows-x86_64 | 0.1.3 | 234.00 | 170.00 | 404.00 | NOTE | |
r-patched-linux-x86_64 | 0.1.3 | NOTE | ||||
r-release-linux-x86_64 | 0.1.3 | 221.67 | 184.63 | 406.30 | NOTE | |
r-release-macos-arm64 | 0.1.3 | 137.00 | NOTE | |||
r-release-macos-x86_64 | 0.1.3 | 161.00 | NOTE | |||
r-release-windows-x86_64 | 0.1.3 | 232.00 | 162.00 | 394.00 | NOTE | |
r-oldrel-macos-arm64 | 0.1.3 | 135.00 | NOTE | |||
r-oldrel-macos-x86_64 | 0.1.3 | 225.00 | NOTE | |||
r-oldrel-windows-x86_64 | 0.1.3 | 295.00 | 199.00 | 494.00 | NOTE |
Version: 0.1.3
Check: for GNU extensions in Makefiles
Result: NOTE
GNU make is a SystemRequirements.
Flavors: r-devel-linux-x86_64-debian-clang, r-devel-linux-x86_64-debian-gcc, r-devel-linux-x86_64-fedora-clang, r-devel-linux-x86_64-fedora-gcc, r-devel-windows-x86_64, r-patched-linux-x86_64, r-release-linux-x86_64, r-release-macos-arm64, r-release-macos-x86_64, r-release-windows-x86_64, r-oldrel-macos-arm64, r-oldrel-macos-x86_64, r-oldrel-windows-x86_64
Version: 0.1.3
Check: dependencies in R code
Result: NOTE
Namespace in Imports field not imported from: ‘rstantools’
All declared Imports should be used.
Flavors: r-devel-linux-x86_64-fedora-clang, r-devel-linux-x86_64-fedora-gcc
Version: 0.1.3
Check: installed package size
Result: NOTE
installed size is 53.7Mb
sub-directories of 1Mb or more:
libs 53.4Mb
Flavors: r-release-macos-arm64, r-release-macos-x86_64, r-oldrel-macos-arm64, r-oldrel-macos-x86_64