Last updated on 2025-11-13 01:50:29 CET.
| Flavor | Version | Tinstall | Tcheck | Ttotal | Status | Flags |
|---|---|---|---|---|---|---|
| r-devel-linux-x86_64-debian-clang | 2.1.0 | 22.80 | 284.64 | 307.44 | NOTE | |
| r-devel-linux-x86_64-debian-gcc | 2.1.0 | 14.65 | 174.60 | 189.25 | NOTE | |
| r-devel-linux-x86_64-fedora-clang | 2.1.0 | 100.00 | 426.47 | 526.47 | OK | |
| r-devel-linux-x86_64-fedora-gcc | 2.1.0 | 52.00 | 663.62 | 715.62 | OK | |
| r-devel-windows-x86_64 | 2.1.0 | 27.00 | 165.00 | 192.00 | OK | --no-vignettes |
| r-patched-linux-x86_64 | 2.1.0 | 22.19 | 270.47 | 292.66 | NOTE | |
| r-release-linux-x86_64 | 2.1.0 | 21.62 | 287.21 | 308.83 | NOTE | |
| r-release-macos-arm64 | 2.1.0 | 11.00 | 211.00 | 222.00 | OK | |
| r-release-macos-x86_64 | 2.1.0 | 23.00 | 447.00 | 470.00 | OK | |
| r-release-windows-x86_64 | 2.1.0 | 28.00 | 185.00 | 213.00 | OK | --no-vignettes |
| r-oldrel-macos-arm64 | 2.1.0 | 9.00 | 157.00 | 166.00 | OK | |
| r-oldrel-macos-x86_64 | 2.1.0 | 20.00 | 393.00 | 413.00 | OK | |
| r-oldrel-windows-x86_64 | 2.1.0 | 36.00 | 188.00 | 224.00 | OK | --no-vignettes |
Version: 2.1.0
Check: for unstated dependencies in ‘demo’
Result: NOTE
'::' or ':::' import not declared from: ‘RPESE’
'library' or 'require' calls not declared from:
‘TTR’ ‘doMC’
Flavors: r-devel-linux-x86_64-debian-clang, r-devel-linux-x86_64-debian-gcc, r-patched-linux-x86_64, r-release-linux-x86_64