Last updated on 2025-05-04 02:50:14 CEST.
Flavor | Version | Tinstall | Tcheck | Ttotal | Status | Flags |
---|---|---|---|---|---|---|
r-devel-linux-x86_64-debian-clang | 1.2-22 | 2.06 | 19.08 | 21.14 | NOTE | |
r-devel-linux-x86_64-debian-gcc | 1.2-22 | 1.52 | 15.05 | 16.57 | NOTE | |
r-devel-linux-x86_64-fedora-clang | 1.2-22 | 32.92 | OK | |||
r-devel-linux-x86_64-fedora-gcc | 1.2-22 | 31.00 | OK | |||
r-devel-windows-x86_64 | 1.2-22 | 3.00 | 35.00 | 38.00 | OK | |
r-patched-linux-x86_64 | 1.2-22 | 2.10 | 18.21 | 20.31 | OK | |
r-release-linux-x86_64 | OK | |||||
r-release-macos-arm64 | 1.2-22 | 19.00 | OK | |||
r-release-macos-x86_64 | 1.2-22 | 23.00 | OK | |||
r-release-windows-x86_64 | 1.2-22 | 4.00 | 36.00 | 40.00 | OK | |
r-oldrel-macos-arm64 | 1.2-22 | 16.00 | OK | |||
r-oldrel-macos-x86_64 | 1.2-22 | 19.00 | OK | |||
r-oldrel-windows-x86_64 | 1.2-22 | 3.00 | 36.00 | 39.00 | OK |
Version: 1.2-22
Check: CRAN incoming feasibility
Result: NOTE
Maintainer: ‘Staal A. Vinterbo <Staal.Vinterbo@ntnu.no>’
No Authors@R field in DESCRIPTION.
Please add one, modifying
Authors@R: person(given = c("Staal", "A."),
family = "Vinterbo",
role = c("aut", "cre"),
email = "Staal.Vinterbo@ntnu.no")
as necessary.
Flavors: r-devel-linux-x86_64-debian-clang, r-devel-linux-x86_64-debian-gcc