Last updated on 2025-05-08 01:51:15 CEST.
Flavor | Version | Tinstall | Tcheck | Ttotal | Status | Flags |
---|---|---|---|---|---|---|
r-devel-linux-x86_64-debian-clang | 1.0.1 | 1.95 | 18.21 | 20.16 | NOTE | |
r-devel-linux-x86_64-debian-gcc | 1.0.1 | 1.46 | 14.68 | 16.14 | NOTE | |
r-devel-linux-x86_64-fedora-clang | 1.0.1 | 31.36 | OK | |||
r-devel-linux-x86_64-fedora-gcc | 1.0.1 | 29.35 | OK | |||
r-devel-windows-x86_64 | 1.0.1 | 3.00 | 37.00 | 40.00 | OK | |
r-patched-linux-x86_64 | 1.0.1 | 1.84 | 17.50 | 19.34 | OK | |
r-release-linux-x86_64 | 1.0.1 | 1.80 | 17.73 | 19.53 | OK | |
r-release-macos-arm64 | 1.0.1 | 15.00 | OK | |||
r-release-macos-x86_64 | 1.0.1 | 22.00 | OK | |||
r-release-windows-x86_64 | 1.0.1 | 3.00 | 35.00 | 38.00 | OK | |
r-oldrel-macos-arm64 | 1.0.1 | 15.00 | OK | |||
r-oldrel-macos-x86_64 | 1.0.1 | 19.00 | OK | |||
r-oldrel-windows-x86_64 | 1.0.1 | 2.00 | 35.00 | 37.00 | OK |
Version: 1.0.1
Check: CRAN incoming feasibility
Result: NOTE
Maintainer: ‘Tim Liao <tfliao@illinois.edu>’
No Authors@R field in DESCRIPTION.
Please add one, modifying
Authors@R: person(given = "Tim",
family = "Liao",
role = c("aut", "cre"),
email = "tfliao@illinois.edu")
as necessary.
Flavors: r-devel-linux-x86_64-debian-clang, r-devel-linux-x86_64-debian-gcc