Last updated on 2024-07-27 01:53:20 CEST.
Flavor | Version | Tinstall | Tcheck | Ttotal | Status | Flags |
---|---|---|---|---|---|---|
r-devel-linux-x86_64-debian-clang | 0.3.2 | 34.70 | 97.63 | 132.33 | NOTE | |
r-devel-linux-x86_64-debian-gcc | 0.3.2 | 27.84 | 71.10 | 98.94 | NOTE | |
r-devel-linux-x86_64-fedora-clang | 0.3.2 | 184.96 | NOTE | |||
r-devel-linux-x86_64-fedora-gcc | 0.3.2 | 185.17 | NOTE | |||
r-devel-windows-x86_64 | 0.3.2 | 34.00 | 105.00 | 139.00 | NOTE | |
r-patched-linux-x86_64 | 0.3.2 | NOTE | ||||
r-release-linux-x86_64 | 0.3.2 | 30.93 | 92.98 | 123.91 | NOTE | |
r-release-macos-arm64 | 0.3.2 | 48.00 | NOTE | |||
r-release-macos-x86_64 | 0.3.2 | 67.00 | NOTE | |||
r-release-windows-x86_64 | 0.3.2 | 37.00 | 102.00 | 139.00 | NOTE | |
r-oldrel-macos-arm64 | 0.3.2 | 53.00 | OK | |||
r-oldrel-macos-x86_64 | 0.3.2 | 89.00 | OK | |||
r-oldrel-windows-x86_64 | 0.3.2 | 37.00 | 129.00 | 166.00 | OK |
Version: 0.3.2
Check: Rd files
Result: NOTE
checkRd: (-1) proc.Rd:27: Lost braces in \itemize; meant \describe ?
checkRd: (-1) proc.Rd:28: Lost braces in \itemize; meant \describe ?
Flavors: r-devel-linux-x86_64-debian-clang, r-devel-linux-x86_64-debian-gcc, r-devel-linux-x86_64-fedora-clang, r-devel-linux-x86_64-fedora-gcc, r-devel-windows-x86_64, r-patched-linux-x86_64, r-release-linux-x86_64, r-release-macos-arm64, r-release-macos-x86_64, r-release-windows-x86_64