CRAN Package Check Results for Package ProfoundData

Last updated on 2025-02-14 02:49:52 CET.

Flavor Version Tinstall Tcheck Ttotal Status Flags
r-devel-linux-x86_64-debian-clang 0.2.1 6.72 55.75 62.47 NOTE
r-devel-linux-x86_64-debian-gcc 0.2.1 5.76 39.96 45.72 NOTE
r-devel-linux-x86_64-fedora-clang 0.2.1 111.13 OK
r-devel-linux-x86_64-fedora-gcc 0.2.1 108.85 OK
r-devel-windows-x86_64 0.2.1 10.00 73.00 83.00 NOTE
r-patched-linux-x86_64 0.2.1 12.27 52.61 64.88 NOTE
r-release-linux-x86_64 0.2.1 7.06 52.34 59.40 NOTE
r-release-macos-arm64 0.2.1 38.00 NOTE
r-release-macos-x86_64 0.2.1 66.00 NOTE
r-release-windows-x86_64 0.2.1 10.00 72.00 82.00 NOTE
r-oldrel-macos-arm64 0.2.1 38.00 NOTE
r-oldrel-macos-x86_64 0.2.1 58.00 NOTE
r-oldrel-windows-x86_64 0.2.1 12.00 83.00 95.00 NOTE

Check Details

Version: 0.2.1
Check: Rd cross-references
Result: NOTE Found the following Rd file(s) with Rd \link{} targets missing package anchors: plotData.Rd: zoo Please provide package anchors for all Rd \link{} targets not in the package itself and the base packages. Flavors: r-devel-linux-x86_64-debian-clang, r-devel-linux-x86_64-debian-gcc, r-devel-windows-x86_64

Version: 0.2.1
Check: LazyData
Result: NOTE 'LazyData' is specified without a 'data' directory Flavors: r-patched-linux-x86_64, r-release-linux-x86_64, r-release-macos-arm64, r-release-macos-x86_64, r-release-windows-x86_64, r-oldrel-macos-arm64, r-oldrel-macos-x86_64, r-oldrel-windows-x86_64