Last updated on 2025-05-05 01:50:57 CEST.
Flavor | Version | Tinstall | Tcheck | Ttotal | Status | Flags |
---|---|---|---|---|---|---|
r-devel-linux-x86_64-debian-clang | 3.23 | 22.62 | 105.25 | 127.87 | OK | |
r-devel-linux-x86_64-debian-gcc | 3.23 | 15.42 | 65.81 | 81.23 | OK | |
r-devel-linux-x86_64-fedora-clang | 3.23 | 198.60 | OK | |||
r-devel-linux-x86_64-fedora-gcc | 3.23 | 198.74 | OK | |||
r-devel-windows-x86_64 | 3.23 | 34.00 | 122.00 | 156.00 | OK | |
r-patched-linux-x86_64 | 3.23 | 23.63 | 99.86 | 123.49 | OK | |
r-release-linux-x86_64 | 3.23 | 21.87 | 99.16 | 121.03 | OK | |
r-release-macos-arm64 | 3.23 | 60.00 | OK | |||
r-release-macos-x86_64 | 3.23 | 117.00 | OK | |||
r-release-windows-x86_64 | 3.23 | 33.00 | 120.00 | 153.00 | OK | |
r-oldrel-macos-arm64 | 3.23 | 55.00 | NOTE | |||
r-oldrel-macos-x86_64 | 3.23 | 104.00 | NOTE | |||
r-oldrel-windows-x86_64 | 3.23 | 40.00 | 148.00 | 188.00 | NOTE |
Version: 3.23
Check: installed package size
Result: NOTE
installed size is 5.9Mb
sub-directories of 1Mb or more:
gui 1.6Mb
staticdocs 3.3Mb
Flavors: r-oldrel-macos-arm64, r-oldrel-macos-x86_64, r-oldrel-windows-x86_64