Last updated on 2025-05-05 01:50:57 CEST.
Flavor | Version | Tinstall | Tcheck | Ttotal | Status | Flags |
---|---|---|---|---|---|---|
r-devel-linux-x86_64-debian-clang | 1.2-3 | 3.15 | 24.75 | 27.90 | NOTE | |
r-devel-linux-x86_64-debian-gcc | 1.2-3 | 2.30 | 19.43 | 21.73 | NOTE | |
r-devel-linux-x86_64-fedora-clang | 1.2-3 | 42.80 | OK | |||
r-devel-linux-x86_64-fedora-gcc | 1.2-3 | 41.27 | OK | |||
r-devel-windows-x86_64 | 1.2-3 | 3.00 | 51.00 | 54.00 | OK | |
r-patched-linux-x86_64 | 1.2-3 | 3.27 | 23.48 | 26.75 | OK | |
r-release-linux-x86_64 | 1.2-3 | 2.83 | 23.76 | 26.59 | OK | |
r-release-macos-arm64 | 1.2-3 | 22.00 | OK | |||
r-release-macos-x86_64 | 1.2-3 | 29.00 | OK | |||
r-release-windows-x86_64 | 1.2-3 | 6.00 | 51.00 | 57.00 | OK | |
r-oldrel-macos-arm64 | 1.2-3 | 19.00 | OK | |||
r-oldrel-macos-x86_64 | 1.2-3 | 25.00 | OK | |||
r-oldrel-windows-x86_64 | 1.2-3 | 4.00 | 51.00 | 55.00 | OK |
Version: 1.2-3
Check: CRAN incoming feasibility
Result: NOTE
Maintainer: ‘Peter J. van der Most <p.j.van.der.most@umcg.nl>’
No Authors@R field in DESCRIPTION.
Please add one, modifying
Authors@R: c(person(given = c("Peter", "J."),
family = "van der Most",
role = c("aut", "cre"),
email = "p.j.van.der.most@umcg.nl"),
person(given = c("Leanne", "K."),
family = "Kupers",
role = "aut"),
person(given = "Ilja",
family = "Nolte",
role = "aut"))
as necessary.
Flavors: r-devel-linux-x86_64-debian-clang, r-devel-linux-x86_64-debian-gcc