CRAN Package Check Results for Package QHOT

Last updated on 2025-05-08 01:51:16 CEST.

Flavor Version Tinstall Tcheck Ttotal Status Flags
r-devel-linux-x86_64-debian-clang 0.1.0 2.18 24.53 26.71 NOTE
r-devel-linux-x86_64-debian-gcc 0.1.0 1.60 18.54 20.14 NOTE
r-devel-linux-x86_64-fedora-clang 0.1.0 41.10 OK
r-devel-linux-x86_64-fedora-gcc 0.1.0 41.71 OK
r-devel-windows-x86_64 0.1.0 3.00 42.00 45.00 OK
r-patched-linux-x86_64 0.1.0 2.20 23.17 25.37 OK
r-release-linux-x86_64 0.1.0 2.18 23.42 25.60 OK
r-release-macos-arm64 0.1.0 21.00 OK
r-release-macos-x86_64 0.1.0 30.00 OK
r-release-windows-x86_64 0.1.0 4.00 42.00 46.00 OK
r-oldrel-macos-arm64 0.1.0 19.00 NOTE
r-oldrel-macos-x86_64 0.1.0 29.00 NOTE
r-oldrel-windows-x86_64 0.1.0 3.00 40.00 43.00 NOTE

Check Details

Version: 0.1.0
Check: CRAN incoming feasibility
Result: NOTE Maintainer: ‘ManHsia Yang <ymh@tari.gov.tw>’ No Authors@R field in DESCRIPTION. Please add one, modifying Authors@R: person(given = "ManHsia", family = "Yang", role = c("aut", "cre"), email = "ymh@tari.gov.tw") as necessary. Flavors: r-devel-linux-x86_64-debian-clang, r-devel-linux-x86_64-debian-gcc

Version: 0.1.0
Check: LazyData
Result: NOTE 'LazyData' is specified without a 'data' directory Flavors: r-oldrel-macos-arm64, r-oldrel-macos-x86_64, r-oldrel-windows-x86_64