Last updated on 2025-05-24 01:51:30 CEST.
Flavor | Version | Tinstall | Tcheck | Ttotal | Status | Flags |
---|---|---|---|---|---|---|
r-devel-linux-x86_64-debian-clang | 1.1.3 | 48.09 | 220.98 | 269.07 | OK | |
r-devel-linux-x86_64-debian-gcc | 1.1.3 | 36.24 | 150.32 | 186.56 | OK | |
r-devel-linux-x86_64-fedora-clang | 1.1.3 | 462.66 | OK | |||
r-devel-linux-x86_64-fedora-gcc | 1.1.3 | 471.42 | OK | |||
r-devel-windows-x86_64 | 1.1.3 | 49.00 | 519.00 | 568.00 | OK | |
r-patched-linux-x86_64 | 1.1.3 | 45.65 | 210.83 | 256.48 | OK | |
r-release-linux-x86_64 | 1.1.3 | 45.26 | 210.37 | 255.63 | OK | |
r-release-macos-arm64 | 1.1.3 | 240.00 | OK | |||
r-release-macos-x86_64 | 1.1.3 | 351.00 | OK | |||
r-release-windows-x86_64 | 1.1.3 | 50.00 | 524.00 | 574.00 | OK | |
r-oldrel-macos-arm64 | 1.1.3 | 165.00 | NOTE | |||
r-oldrel-macos-x86_64 | 1.1.3 | 389.00 | NOTE | |||
r-oldrel-windows-x86_64 | 1.1.3 | 63.00 | 816.00 | 879.00 | OK |
Version: 1.1.3
Check: installed package size
Result: NOTE
installed size is 15.7Mb
sub-directories of 1Mb or more:
libs 13.9Mb
Flavors: r-oldrel-macos-arm64, r-oldrel-macos-x86_64