Last updated on 2024-07-27 01:53:20 CEST.
Flavor | Version | Tinstall | Tcheck | Ttotal | Status | Flags |
---|---|---|---|---|---|---|
r-devel-linux-x86_64-debian-clang | 2.1-22.1 | 4.54 | 51.57 | 56.11 | NOTE | |
r-devel-linux-x86_64-debian-gcc | 2.1-22.1 | 2.75 | 38.70 | 41.45 | NOTE | |
r-devel-linux-x86_64-fedora-clang | 2.1-22.1 | 70.89 | OK | |||
r-devel-linux-x86_64-fedora-gcc | 2.1-22.1 | 81.93 | OK | |||
r-devel-windows-x86_64 | 2.1-22.1 | 5.00 | 83.00 | 88.00 | NOTE | |
r-patched-linux-x86_64 | 2.1-22.1 | NOTE | ||||
r-release-linux-x86_64 | 2.1-22.1 | 4.53 | 48.44 | 52.97 | NOTE | |
r-release-macos-arm64 | 2.1-22.1 | 35.00 | NOTE | |||
r-release-macos-x86_64 | 2.1-22.1 | 52.00 | NOTE | |||
r-release-windows-x86_64 | 2.1-22.1 | 5.00 | 82.00 | 87.00 | NOTE | |
r-oldrel-macos-arm64 | 2.1-22.1 | 47.00 | NOTE | |||
r-oldrel-macos-x86_64 | 2.1-22.1 | 131.00 | NOTE | |||
r-oldrel-windows-x86_64 | 2.1-22.1 | 6.00 | 81.00 | 87.00 | NOTE |
Version: 2.1-22.1
Check: R code for possible problems
Result: NOTE
Found the following calls to attach():
File ‘R2WinBUGS/R/attach.all.R’:
attach(x, name = name)
See section ‘Good practice’ in ‘?attach’.
Flavors: r-devel-linux-x86_64-debian-clang, r-devel-linux-x86_64-debian-gcc, r-patched-linux-x86_64, r-release-linux-x86_64
Version: 2.1-22.1
Check: package dependencies
Result: NOTE
Package suggested but not available for checking: 'BRugs'
Flavors: r-devel-windows-x86_64, r-release-macos-arm64, r-release-macos-x86_64, r-release-windows-x86_64, r-oldrel-macos-arm64, r-oldrel-macos-x86_64, r-oldrel-windows-x86_64
Version: 2.1-22.1
Check: Rd cross-references
Result: NOTE
Package unavailable to check Rd xrefs: ‘BRugs’
Flavors: r-release-macos-arm64, r-release-macos-x86_64, r-oldrel-macos-arm64, r-oldrel-macos-x86_64