CRAN Package Check Results for Package R62S3

Last updated on 2025-05-24 01:51:31 CEST.

Flavor Version Tinstall Tcheck Ttotal Status Flags
r-devel-linux-x86_64-debian-clang 1.4.1 1.78 21.70 23.48 OK
r-devel-linux-x86_64-debian-gcc 1.4.1 1.44 17.81 19.25 OK
r-devel-linux-x86_64-fedora-clang 1.4.1 36.22 OK
r-devel-linux-x86_64-fedora-gcc 1.4.1 33.51 OK
r-devel-windows-x86_64 1.4.1 4.00 44.00 48.00 OK
r-patched-linux-x86_64 1.4.1 1.75 19.94 21.69 OK
r-release-linux-x86_64 1.4.1 1.55 20.07 21.62 OK
r-release-macos-arm64 1.4.1 16.00 OK
r-release-macos-x86_64 1.4.1 23.00 OK
r-release-windows-x86_64 1.4.1 3.00 42.00 45.00 OK
r-oldrel-macos-arm64 1.4.1 16.00 NOTE
r-oldrel-macos-x86_64 1.4.1 24.00 NOTE
r-oldrel-windows-x86_64 1.4.1 3.00 47.00 50.00 NOTE

Check Details

Version: 1.4.1
Check: LazyData
Result: NOTE 'LazyData' is specified without a 'data' directory Flavors: r-oldrel-macos-arm64, r-oldrel-macos-x86_64, r-oldrel-windows-x86_64