Last updated on 2025-05-24 01:51:31 CEST.
Flavor | Version | Tinstall | Tcheck | Ttotal | Status | Flags |
---|---|---|---|---|---|---|
r-devel-linux-x86_64-debian-clang | 0.1.4 | 4.27 | 28.91 | 33.18 | OK | |
r-devel-linux-x86_64-debian-gcc | 0.1.4 | 2.80 | 22.66 | 25.46 | OK | |
r-devel-linux-x86_64-fedora-clang | 0.1.4 | 6.07 | ERROR | |||
r-devel-linux-x86_64-fedora-gcc | 0.1.4 | 47.50 | OK | |||
r-devel-windows-x86_64 | 0.1.3 | 5.00 | 65.00 | 70.00 | OK | |
r-release-linux-x86_64 | 0.1.2 | 3.51 | 26.48 | 29.99 | OK | |
r-release-macos-arm64 | 0.1.4 | 19.00 | OK | |||
r-release-macos-x86_64 | 0.1.4 | 35.00 | OK | |||
r-release-windows-x86_64 | 0.1.4 | 4.00 | 68.00 | 72.00 | OK | |
r-oldrel-macos-arm64 | 0.1.4 | 22.00 | OK | |||
r-oldrel-macos-x86_64 | 0.1.4 | 38.00 | OK | |||
r-oldrel-windows-x86_64 | 0.1.2 | 6.00 | 60.00 | 66.00 | OK |
Version: 0.1.4
Check: whether package can be installed
Result: ERROR
Installation failed.
Flavor: r-devel-linux-x86_64-fedora-clang