Last updated on 2024-07-27 01:53:20 CEST.
Flavor | Version | Tinstall | Tcheck | Ttotal | Status | Flags |
---|---|---|---|---|---|---|
r-devel-linux-x86_64-debian-clang | 1.3.1 | 20.32 | 200.30 | 220.62 | OK | |
r-devel-linux-x86_64-debian-gcc | 1.3.1 | 12.66 | 151.96 | 164.62 | OK | |
r-devel-linux-x86_64-fedora-clang | 1.3.1 | 292.36 | OK | |||
r-devel-linux-x86_64-fedora-gcc | 1.3.1 | 283.38 | OK | |||
r-devel-windows-x86_64 | 1.3.1 | 15.00 | 160.00 | 175.00 | OK | |
r-patched-linux-x86_64 | 1.3.1 | OK | ||||
r-release-linux-x86_64 | 1.3.1 | 11.95 | 190.78 | 202.73 | OK | |
r-release-macos-arm64 | 1.3.1 | 86.00 | OK | |||
r-release-macos-x86_64 | 1.3.1 | 137.00 | OK | |||
r-release-windows-x86_64 | 1.3.1 | 16.00 | 156.00 | 172.00 | OK | |
r-oldrel-macos-arm64 | 1.3.1 | 70.00 | NOTE | |||
r-oldrel-macos-x86_64 | 1.3.1 | 103.00 | NOTE | |||
r-oldrel-windows-x86_64 | 1.3.1 | 21.00 | 206.00 | 227.00 | OK |
Version: 1.3.1
Check: package dependencies
Result: NOTE
Packages suggested but not available for checking: 'xcms', 'MSnbase'
Flavors: r-oldrel-macos-arm64, r-oldrel-macos-x86_64