Last updated on 2025-05-07 01:50:09 CEST.
Flavor | Version | Tinstall | Tcheck | Ttotal | Status | Flags |
---|---|---|---|---|---|---|
r-devel-linux-x86_64-debian-clang | 1.2 | 2.23 | 21.09 | 23.32 | NOTE | |
r-devel-linux-x86_64-debian-gcc | 1.2 | 1.76 | 17.42 | 19.18 | NOTE | |
r-devel-linux-x86_64-fedora-clang | 1.2 | 36.29 | NOTE | |||
r-devel-linux-x86_64-fedora-gcc | 1.2 | 34.71 | NOTE | |||
r-devel-windows-x86_64 | 1.2 | 3.00 | 43.00 | 46.00 | NOTE | |
r-patched-linux-x86_64 | 1.2 | 2.43 | 20.19 | 22.62 | NOTE | |
r-release-linux-x86_64 | 1.2 | 2.17 | 20.03 | 22.20 | NOTE | |
r-release-macos-arm64 | 1.2 | 14.00 | NOTE | |||
r-release-macos-x86_64 | 1.2 | 26.00 | NOTE | |||
r-release-windows-x86_64 | 1.2 | 3.00 | 46.00 | 49.00 | NOTE | |
r-oldrel-macos-arm64 | 1.2 | 14.00 | NOTE | |||
r-oldrel-macos-x86_64 | 1.2 | 20.00 | NOTE | |||
r-oldrel-windows-x86_64 | 1.2 | 3.00 | 48.00 | 51.00 | NOTE |
Version: 1.2
Check: Rd files
Result: NOTE
checkRd: (-1) nonlinearAR1.sim.Rd:8: Lost braces; missing escapes or markup?
8 | of the form z_n = g(z_{n-1}) + epsilon. A normal distribution is assumed for the innovations.
| ^
Flavors: r-devel-linux-x86_64-debian-clang, r-devel-linux-x86_64-debian-gcc, r-devel-linux-x86_64-fedora-clang, r-devel-linux-x86_64-fedora-gcc, r-devel-windows-x86_64, r-patched-linux-x86_64, r-release-linux-x86_64, r-release-macos-arm64, r-release-macos-x86_64, r-release-windows-x86_64, r-oldrel-macos-arm64, r-oldrel-macos-x86_64, r-oldrel-windows-x86_64