Last updated on 2024-07-27 01:53:21 CEST.
Flavor | Version | Tinstall | Tcheck | Ttotal | Status | Flags |
---|---|---|---|---|---|---|
r-devel-linux-x86_64-debian-clang | 1.1.0 | 7.85 | 92.61 | 100.46 | OK | |
r-devel-linux-x86_64-debian-gcc | 1.1.0 | 4.43 | 68.26 | 72.69 | NOTE | |
r-devel-linux-x86_64-fedora-clang | 1.1.0 | 120.89 | OK | |||
r-devel-linux-x86_64-fedora-gcc | 1.1.0 | 137.16 | OK | |||
r-devel-windows-x86_64 | 1.1.0 | 8.00 | 130.00 | 138.00 | NOTE | |
r-patched-linux-x86_64 | 1.1.0 | OK | ||||
r-release-linux-x86_64 | 1.1.0 | 4.45 | 87.67 | 92.12 | OK | |
r-release-macos-arm64 | 1.1.0 | 82.00 | OK | |||
r-release-macos-x86_64 | 1.1.0 | 97.00 | OK | |||
r-release-windows-x86_64 | 1.1.0 | 9.00 | 136.00 | 145.00 | OK | |
r-oldrel-macos-arm64 | 1.1.0 | 78.00 | OK | |||
r-oldrel-macos-x86_64 | 1.1.0 | 99.00 | OK | |||
r-oldrel-windows-x86_64 | 1.1.0 | 10.00 | 147.00 | 157.00 | OK |
Version: 1.1.0
Check: Rd cross-references
Result: NOTE
Found the following Rd file(s) with Rd \link{} targets missing package
anchors:
redcap_arm_export.Rd: tibble
Please provide package anchors for all Rd \link{} targets not in the
package itself and the base packages.
Flavors: r-devel-linux-x86_64-debian-gcc, r-devel-windows-x86_64