Last updated on 2025-05-04 02:50:16 CEST.
Flavor | Version | Tinstall | Tcheck | Ttotal | Status | Flags |
---|---|---|---|---|---|---|
r-devel-linux-x86_64-debian-clang | 1.0.6 | 3.47 | 32.09 | 35.56 | NOTE | |
r-devel-linux-x86_64-debian-gcc | 1.0.6 | 2.80 | 24.37 | 27.17 | NOTE | |
r-devel-linux-x86_64-fedora-clang | 1.0.6 | 56.82 | NOTE | |||
r-devel-linux-x86_64-fedora-gcc | 1.0.6 | 55.76 | NOTE | |||
r-devel-windows-x86_64 | 1.0.6 | 5.00 | 54.00 | 59.00 | OK | |
r-patched-linux-x86_64 | 1.0.6 | 3.62 | 30.93 | 34.55 | NOTE | |
r-release-linux-x86_64 | NOTE | |||||
r-release-macos-arm64 | 1.0.6 | 20.00 | OK | |||
r-release-macos-x86_64 | 1.0.6 | 39.00 | OK | |||
r-release-windows-x86_64 | 1.0.6 | 4.00 | 56.00 | 60.00 | OK | |
r-oldrel-macos-arm64 | 1.0.6 | 20.00 | OK | |||
r-oldrel-macos-x86_64 | 1.0.6 | 31.00 | OK | |||
r-oldrel-windows-x86_64 | 1.0.6 | 5.00 | 55.00 | 60.00 | OK |
Version: 1.0.6
Check: CRAN incoming feasibility
Result: NOTE
Maintainer: ‘Daniel Crouch <djmcrouch@gmail.com>’
No Authors@R field in DESCRIPTION.
Please add one, modifying
Authors@R: c(person(given = c("Daniel", "J.M."),
family = "Crouch",
role = "aut"),
person(given = c("Graham", "H.M.", "Goddard", "&", "Cathryn", "M."),
family = "Lewis",
role = "aut"),
person(given = "Daniel",
family = "Crouch",
role = "cre",
email = "djmcrouch@gmail.com"))
as necessary.
Flavors: r-devel-linux-x86_64-debian-clang, r-devel-linux-x86_64-debian-gcc
Version: 1.0.6
Check: for non-standard things in the check directory
Result: NOTE
Found the following files/directories:
‘EnvironmentalA.txt’ ‘EnvironmentalB.txt’ ‘Example.txt’
‘Example_Predictions.txt’ ‘Example_RRDist.txt’
‘Example_RRDistCol.TIF’ ‘Example_RRDistGrey.TIF’ ‘GeneticA.txt’
‘GeneticB.txt’ ‘Inds.txt’
Flavors: r-devel-linux-x86_64-debian-clang, r-devel-linux-x86_64-debian-gcc, r-devel-linux-x86_64-fedora-clang, r-devel-linux-x86_64-fedora-gcc, r-patched-linux-x86_64, r-release-linux-x86_64