Last updated on 2025-11-19 01:48:59 CET.
| Flavor | Version | Tinstall | Tcheck | Ttotal | Status | Flags |
|---|---|---|---|---|---|---|
| r-devel-linux-x86_64-debian-clang | 1.1.4 | 6.32 | 56.20 | 62.52 | OK | |
| r-devel-linux-x86_64-debian-gcc | 1.1.4 | 4.32 | 40.25 | 44.57 | OK | |
| r-devel-linux-x86_64-fedora-clang | 1.1.4 | 17.00 | 78.28 | 95.28 | OK | |
| r-devel-linux-x86_64-fedora-gcc | 1.1.4 | 20.00 | 71.66 | 91.66 | OK | |
| r-devel-windows-x86_64 | 1.1.4 | 10.00 | 67.00 | 77.00 | OK | |
| r-patched-linux-x86_64 | 1.1.4 | 6.41 | 51.79 | 58.20 | OK | |
| r-release-linux-x86_64 | 1.1.4 | 5.76 | 50.93 | 56.69 | OK | |
| r-release-macos-arm64 | 1.1.4 | 3.00 | 26.00 | 29.00 | OK | |
| r-release-macos-x86_64 | 1.1.4 | 6.00 | 44.00 | 50.00 | OK | |
| r-release-windows-x86_64 | 1.1.4 | 8.00 | 64.00 | 72.00 | OK | |
| r-oldrel-macos-arm64 | 1.1.4 | 3.00 | 27.00 | 30.00 | NOTE | |
| r-oldrel-macos-x86_64 | 1.1.4 | 5.00 | 41.00 | 46.00 | NOTE | |
| r-oldrel-windows-x86_64 | 1.1.4 | 10.00 | 78.00 | 88.00 | NOTE |
Version: 1.1.4
Check: LazyData
Result: NOTE
'LazyData' is specified without a 'data' directory
Flavors: r-oldrel-macos-arm64, r-oldrel-macos-x86_64, r-oldrel-windows-x86_64