CRAN Package Check Results for Package RIFS

Last updated on 2025-05-07 01:50:11 CEST.

Flavor Version Tinstall Tcheck Ttotal Status Flags
r-devel-linux-x86_64-debian-clang 0.1.6 1.76 18.14 19.90 NOTE
r-devel-linux-x86_64-debian-gcc 0.1.6 1.42 14.40 15.82 NOTE
r-devel-linux-x86_64-fedora-clang 0.1.6 30.38 OK
r-devel-linux-x86_64-fedora-gcc 0.1.6 30.64 OK
r-devel-windows-x86_64 0.1.6 3.00 36.00 39.00 OK
r-patched-linux-x86_64 0.1.6 1.54 17.31 18.85 OK
r-release-linux-x86_64 0.1.6 1.54 17.33 18.87 OK
r-release-macos-arm64 0.1.6 16.00 OK
r-release-macos-x86_64 0.1.6 26.00 OK
r-release-windows-x86_64 0.1.6 3.00 37.00 40.00 OK
r-oldrel-macos-arm64 0.1.6 13.00 OK
r-oldrel-macos-x86_64 0.1.6 24.00 OK
r-oldrel-windows-x86_64 0.1.6 3.00 36.00 39.00 OK

Check Details

Version: 0.1.6
Check: CRAN incoming feasibility
Result: NOTE Maintainer: ‘Pavel V. Moskalev <moskalefff@gmail.com>’ No Authors@R field in DESCRIPTION. Please add one, modifying Authors@R: c(person(given = c("Pavel", "V."), family = "Moskalev", role = c("aut", "cre"), email = "moskalefff@gmail.com"), person(given = c("Alexey", "G."), family = "Bukhovets", role = "aut"), person(given = c("Tatyana", "Ya."), family = "Biruchinskay", role = "aut")) as necessary. Flavors: r-devel-linux-x86_64-debian-clang, r-devel-linux-x86_64-debian-gcc