CRAN Package Check Results for Package RJDemetra

Last updated on 2025-11-19 01:49:00 CET.

Flavor Version Tinstall Tcheck Ttotal Status Flags
r-devel-linux-x86_64-debian-clang 0.2.8 9.78 86.97 96.75 OK
r-devel-linux-x86_64-debian-gcc 0.2.8 7.36 59.63 66.99 OK
r-devel-linux-x86_64-fedora-clang 0.2.8 21.00 126.69 147.69 OK
r-devel-linux-x86_64-fedora-gcc 0.2.8 40.00 107.93 147.93 OK
r-devel-windows-x86_64 0.2.8 14.00 99.00 113.00 NOTE
r-patched-linux-x86_64 0.2.8 12.29 77.49 89.78 OK
r-release-linux-x86_64 0.2.8 8.99 79.13 88.12 OK
r-release-macos-arm64 0.2.8 5.00 33.00 38.00 OK
r-release-macos-x86_64 0.2.8 9.00 63.00 72.00 OK
r-release-windows-x86_64 0.2.8 12.00 92.00 104.00 OK
r-oldrel-macos-arm64 0.2.8 5.00 36.00 41.00 NOTE
r-oldrel-macos-x86_64 0.2.8 9.00 85.00 94.00 NOTE
r-oldrel-windows-x86_64 0.2.8 14.00 114.00 128.00 NOTE

Check Details

Version: 0.2.8
Check: Rd files
Result: NOTE checkRd: (-1) regarima.Rd:158-166: Only 7 columns allowed in this table (row 1 has 5) checkRd: (-1) regarima.Rd:158-166: Only 7 columns allowed in this table (row 2 has 5) checkRd: (-1) regarima.Rd:158-166: Only 7 columns allowed in this table (row 3 has 5) checkRd: (-1) regarima.Rd:158-166: Only 7 columns allowed in this table (row 4 has 5) checkRd: (-1) regarima.Rd:158-166: Only 7 columns allowed in this table (row 5 has 5) checkRd: (-1) regarima.Rd:158-166: Only 7 columns allowed in this table (row 6 has 5) checkRd: (-1) regarima.Rd:158-166: Only 7 columns allowed in this table (row 7 has 5) checkRd: (-1) regarima.Rd:169-178: Only 8 columns allowed in this table (row 1 has 5) checkRd: (-1) regarima.Rd:169-178: Only 8 columns allowed in this table (row 2 has 5) checkRd: (-1) regarima.Rd:169-178: Only 8 columns allowed in this table (row 3 has 5) checkRd: (-1) regarima.Rd:169-178: Only 8 columns allowed in this table (row 4 has 5) checkRd: (-1) regarima.Rd:169-178: Only 8 columns allowed in this table (row 5 has 5) checkRd: (-1) regarima.Rd:169-178: Only 8 columns allowed in this table (row 6 has 5) checkRd: (-1) regarima.Rd:169-178: Only 8 columns allowed in this table (row 7 has 5) checkRd: (-1) regarima.Rd:169-178: Only 8 columns allowed in this table (row 8 has 5) checkRd: (-1) regarima_spec_tramoseats.Rd:388-397: Only 8 columns allowed in this table (row 1 has 5) checkRd: (-1) regarima_spec_tramoseats.Rd:388-397: Only 8 columns allowed in this table (row 2 has 5) checkRd: (-1) regarima_spec_tramoseats.Rd:388-397: Only 8 columns allowed in this table (row 3 has 5) checkRd: (-1) regarima_spec_tramoseats.Rd:388-397: Only 8 columns allowed in this table (row 4 has 5) checkRd: (-1) regarima_spec_tramoseats.Rd:388-397: Only 8 columns allowed in this table (row 5 has 5) checkRd: (-1) regarima_spec_tramoseats.Rd:388-397: Only 8 columns allowed in this table (row 6 has 5) checkRd: (-1) regarima_spec_tramoseats.Rd:388-397: Only 8 columns allowed in this table (row 7 has 5) checkRd: (-1) regarima_spec_tramoseats.Rd:388-397: Only 8 columns allowed in this table (row 8 has 5) checkRd: (-1) regarima_spec_x13.Rd:390-398: Only 7 columns allowed in this table (row 1 has 5) checkRd: (-1) regarima_spec_x13.Rd:390-398: Only 7 columns allowed in this table (row 2 has 5) checkRd: (-1) regarima_spec_x13.Rd:390-398: Only 7 columns allowed in this table (row 3 has 5) checkRd: (-1) regarima_spec_x13.Rd:390-398: Only 7 columns allowed in this table (row 4 has 5) checkRd: (-1) regarima_spec_x13.Rd:390-398: Only 7 columns allowed in this table (row 5 has 5) checkRd: (-1) regarima_spec_x13.Rd:390-398: Only 7 columns allowed in this table (row 6 has 5) checkRd: (-1) regarima_spec_x13.Rd:390-398: Only 7 columns allowed in this table (row 7 has 5) checkRd: (-1) tramoseats.Rd:87-96: Only 8 columns allowed in this table (row 1 has 5) checkRd: (-1) tramoseats.Rd:87-96: Only 8 columns allowed in this table (row 2 has 5) checkRd: (-1) tramoseats.Rd:87-96: Only 8 columns allowed in this table (row 3 has 5) checkRd: (-1) tramoseats.Rd:87-96: Only 8 columns allowed in this table (row 4 has 5) checkRd: (-1) tramoseats.Rd:87-96: Only 8 columns allowed in this table (row 5 has 5) checkRd: (-1) tramoseats.Rd:87-96: Only 8 columns allowed in this table (row 6 has 5) checkRd: (-1) tramoseats.Rd:87-96: Only 8 columns allowed in this table (row 7 has 5) checkRd: (-1) tramoseats.Rd:87-96: Only 8 columns allowed in this table (row 8 has 5) checkRd: (-1) tramoseats_spec.Rd:393-402: Only 8 columns allowed in this table (row 1 has 5) checkRd: (-1) tramoseats_spec.Rd:393-402: Only 8 columns allowed in this table (row 2 has 5) checkRd: (-1) tramoseats_spec.Rd:393-402: Only 8 columns allowed in this table (row 3 has 5) checkRd: (-1) tramoseats_spec.Rd:393-402: Only 8 columns allowed in this table (row 4 has 5) checkRd: (-1) tramoseats_spec.Rd:393-402: Only 8 columns allowed in this table (row 5 has 5) checkRd: (-1) tramoseats_spec.Rd:393-402: Only 8 columns allowed in this table (row 6 has 5) checkRd: (-1) tramoseats_spec.Rd:393-402: Only 8 columns allowed in this table (row 7 has 5) checkRd: (-1) tramoseats_spec.Rd:393-402: Only 8 columns allowed in this table (row 8 has 5) checkRd: (-1) x13.Rd:80-89: Only 7 columns allowed in this table (row 1 has 5) checkRd: (-1) x13.Rd:80-89: Only 7 columns allowed in this table (row 2 has 5) checkRd: (-1) x13.Rd:80-89: Only 7 columns allowed in this table (row 3 has 5) checkRd: (-1) x13.Rd:80-89: Only 7 columns allowed in this table (row 4 has 5) checkRd: (-1) x13.Rd:80-89: Only 7 columns allowed in this table (row 5 has 5) checkRd: (-1) x13.Rd:80-89: Only 7 columns allowed in this table (row 6 has 5) checkRd: (-1) x13.Rd:80-89: Only 7 columns allowed in this table (row 7 has 5) checkRd: (-1) x13.Rd:80-89: Only 7 columns allowed in this table (row 8 has 5) checkRd: (-1) x13_spec.Rd:437-446: Only 7 columns allowed in this table (row 1 has 5) checkRd: (-1) x13_spec.Rd:437-446: Only 7 columns allowed in this table (row 2 has 5) checkRd: (-1) x13_spec.Rd:437-446: Only 7 columns allowed in this table (row 3 has 5) checkRd: (-1) x13_spec.Rd:437-446: Only 7 columns allowed in this table (row 4 has 5) checkRd: (-1) x13_spec.Rd:437-446: Only 7 columns allowed in this table (row 5 has 5) checkRd: (-1) x13_spec.Rd:437-446: Only 7 columns allowed in this table (row 6 has 5) checkRd: (-1) x13_spec.Rd:437-446: Only 7 columns allowed in this table (row 7 has 5) checkRd: (-1) x13_spec.Rd:437-446: Only 7 columns allowed in this table (row 8 has 5) Flavor: r-devel-windows-x86_64

Version: 0.2.8
Check: installed package size
Result: NOTE installed size is 5.1Mb sub-directories of 1Mb or more: java 4.2Mb Flavors: r-oldrel-macos-arm64, r-oldrel-macos-x86_64, r-oldrel-windows-x86_64