Last updated on 2024-07-27 01:53:21 CEST.
Flavor | Version | Tinstall | Tcheck | Ttotal | Status | Flags |
---|---|---|---|---|---|---|
r-devel-linux-x86_64-debian-clang | 3.2.4 | 104.51 | 61.27 | 165.78 | NOTE | |
r-devel-linux-x86_64-debian-gcc | 3.2.4 | 66.23 | 47.58 | 113.81 | NOTE | |
r-devel-linux-x86_64-fedora-clang | 3.2.4 | 281.75 | NOTE | |||
r-devel-linux-x86_64-fedora-gcc | 3.2.4 | 263.55 | NOTE | |||
r-devel-windows-x86_64 | 3.2.4 | 82.00 | 92.00 | 174.00 | NOTE | |
r-patched-linux-x86_64 | 3.2.4 | NOTE | ||||
r-release-linux-x86_64 | 3.2.4 | 89.03 | 60.70 | 149.73 | NOTE | |
r-release-macos-arm64 | 3.2.4 | 66.00 | NOTE | |||
r-release-macos-x86_64 | 3.2.4 | 85.00 | NOTE | |||
r-release-windows-x86_64 | 3.2.4 | 100.00 | 88.00 | 188.00 | NOTE | |
r-oldrel-macos-arm64 | 3.2.4 | 74.00 | NOTE | |||
r-oldrel-macos-x86_64 | 3.2.4 | 110.00 | NOTE | |||
r-oldrel-windows-x86_64 | 3.2.4 | 99.00 | 106.00 | 205.00 | NOTE |
Version: 3.2.4
Check: C++ specification
Result: NOTE
Specified C++11: please drop specification unless essential
Flavors: r-devel-linux-x86_64-debian-clang, r-devel-linux-x86_64-debian-gcc, r-devel-linux-x86_64-fedora-clang, r-devel-linux-x86_64-fedora-gcc, r-devel-windows-x86_64, r-patched-linux-x86_64, r-release-linux-x86_64, r-release-macos-arm64, r-release-macos-x86_64, r-release-windows-x86_64, r-oldrel-macos-arm64, r-oldrel-macos-x86_64, r-oldrel-windows-x86_64