CRAN Package Check Results for Package RMTL

Last updated on 2025-11-16 01:49:28 CET.

Flavor Version Tinstall Tcheck Ttotal Status Flags
r-devel-linux-x86_64-debian-clang 0.9.9 3.58 47.67 51.25 NOTE
r-devel-linux-x86_64-debian-gcc 0.9.9 2.57 35.94 38.51 NOTE
r-devel-linux-x86_64-fedora-clang 0.9.9 84.23 NOTE
r-devel-linux-x86_64-fedora-gcc 0.9.9 91.18 NOTE
r-devel-windows-x86_64 0.9.9 6.00 60.00 66.00 NOTE
r-patched-linux-x86_64 0.9.9 3.87 44.90 48.77 NOTE
r-release-linux-x86_64 0.9.9 3.60 44.83 48.43 NOTE
r-release-macos-arm64 0.9.9 2.00 40.00 42.00 NOTE
r-release-macos-x86_64 0.9.9 4.00 57.00 61.00 NOTE
r-release-windows-x86_64 0.9.9 6.00 59.00 65.00 NOTE
r-oldrel-macos-arm64 0.9.9 2.00 30.00 32.00 NOTE
r-oldrel-macos-x86_64 0.9.9 3.00 52.00 55.00 NOTE
r-oldrel-windows-x86_64 0.9.9 6.00 75.00 81.00 NOTE

Check Details

Version: 0.9.9
Check: package subdirectories
Result: NOTE Problems with news in ‘NEWS.md’: No news entries found. Flavors: r-devel-linux-x86_64-debian-clang, r-devel-linux-x86_64-debian-gcc, r-devel-linux-x86_64-fedora-clang, r-devel-linux-x86_64-fedora-gcc, r-devel-windows-x86_64, r-patched-linux-x86_64, r-release-linux-x86_64, r-release-macos-arm64, r-release-macos-x86_64, r-release-windows-x86_64, r-oldrel-macos-arm64, r-oldrel-macos-x86_64, r-oldrel-windows-x86_64

Version: 0.9.9
Check: CRAN incoming feasibility
Result: NOTE Maintainer: ‘Han Cao <hank9cao@gmail.com>’ The BugReports field in DESCRIPTION has https://github.com/transbioZI/RMTL/issues/ which should likely be https://github.com/transbioZI/RMTL/issues/issues instead. Flavor: r-devel-linux-x86_64-debian-gcc