Last updated on 2024-07-27 01:53:22 CEST.
Flavor | Version | Tinstall | Tcheck | Ttotal | Status | Flags |
---|---|---|---|---|---|---|
r-devel-linux-x86_64-debian-clang | 2.9-2 | 25.71 | 49.09 | 74.80 | NOTE | |
r-devel-linux-x86_64-debian-gcc | 2.9-2 | 15.12 | 36.50 | 51.62 | NOTE | |
r-devel-linux-x86_64-fedora-clang | 2.9-2 | 94.43 | NOTE | |||
r-devel-linux-x86_64-fedora-gcc | 2.9-2 | 93.28 | NOTE | |||
r-devel-windows-x86_64 | 2.9-2 | 114.00 | 209.00 | 323.00 | NOTE | |
r-patched-linux-x86_64 | 2.9-2 | OK | ||||
r-release-linux-x86_64 | 2.9-2 | 18.43 | 45.32 | 63.75 | OK | |
r-release-macos-arm64 | 2.9-2 | 46.00 | NOTE | |||
r-release-macos-x86_64 | 2.9-2 | 73.00 | NOTE | |||
r-release-windows-x86_64 | 2.9-2 | 118.00 | 182.00 | 300.00 | NOTE | |
r-oldrel-macos-arm64 | 2.9-2 | 66.00 | NOTE | |||
r-oldrel-macos-x86_64 | 2.9-2 | 117.00 | NOTE | |||
r-oldrel-windows-x86_64 | 2.9-2 | 143.00 | 209.00 | 352.00 | NOTE |
Version: 2.9-2
Check: compiled code
Result: NOTE
File ‘RNetCDF/libs/RNetCDF.so’:
Found non-API call to R: ‘Rf_findVarInFrame3’
Compiled code should not call non-API entry points in R.
See ‘Writing portable packages’ in the ‘Writing R Extensions’ manual,
and section ‘Moving into C API compliance’ for issues with the use of
non-API entry points.
Flavors: r-devel-linux-x86_64-debian-clang, r-devel-linux-x86_64-debian-gcc, r-devel-linux-x86_64-fedora-clang, r-devel-linux-x86_64-fedora-gcc
Version: 2.9-2
Check: installed package size
Result: NOTE
installed size is 16.5Mb
sub-directories of 1Mb or more:
libs 16.2Mb
Flavors: r-devel-windows-x86_64, r-release-macos-arm64, r-release-macos-x86_64, r-release-windows-x86_64, r-oldrel-macos-arm64, r-oldrel-macos-x86_64, r-oldrel-windows-x86_64
Version: 2.9-2
Check: compiled code
Result: NOTE
File 'RNetCDF/libs/x64/RNetCDF.dll':
Found non-API call to R: 'Rf_findVarInFrame3'
Compiled code should not call non-API entry points in R.
See 'Writing portable packages' in the 'Writing R Extensions' manual,
and section 'Moving into C API compliance' for issues with the use of
non-API entry points.
Flavor: r-devel-windows-x86_64
Version: 2.9-2
Check: package dependencies
Result: NOTE
Packages which this enhances but not available for checking:
'pbdMPI', 'Rmpi'
Flavors: r-release-macos-arm64, r-release-macos-x86_64, r-oldrel-macos-arm64, r-oldrel-macos-x86_64
Version: 2.9-2
Check: Rd cross-references
Result: NOTE
Packages unavailable to check Rd xrefs: ‘pbdMPI’, ‘Rmpi’
Flavors: r-release-macos-arm64, r-release-macos-x86_64, r-oldrel-macos-arm64, r-oldrel-macos-x86_64