Last updated on 2024-07-27 01:53:22 CEST.
Flavor | Version | Tinstall | Tcheck | Ttotal | Status | Flags |
---|---|---|---|---|---|---|
r-devel-linux-x86_64-debian-clang | 1.0-11 | 4.60 | 161.12 | 165.72 | NOTE | |
r-devel-linux-x86_64-debian-gcc | 1.0-11 | 4.28 | 120.56 | 124.84 | NOTE | |
r-devel-linux-x86_64-fedora-clang | 1.0-11 | 218.92 | NOTE | |||
r-devel-linux-x86_64-fedora-gcc | 1.0-11 | 215.03 | NOTE | |||
r-devel-windows-x86_64 | 1.0-11 | 5.00 | 128.00 | 133.00 | NOTE | |
r-patched-linux-x86_64 | 1.0-11 | NOTE | ||||
r-release-linux-x86_64 | 1.0-11 | 4.70 | 156.87 | 161.57 | NOTE | |
r-release-macos-arm64 | 1.0-11 | 57.00 | NOTE | |||
r-release-macos-x86_64 | 1.0-11 | 96.00 | NOTE | |||
r-release-windows-x86_64 | 1.0-11 | 5.00 | 127.00 | 132.00 | NOTE | |
r-oldrel-macos-arm64 | 1.0-11 | 52.00 | NOTE | |||
r-oldrel-macos-x86_64 | 1.0-11 | 93.00 | NOTE | |||
r-oldrel-windows-x86_64 | 1.0-11 | 6.00 | 166.00 | 172.00 | NOTE |
Version: 1.0-11
Check: Rd files
Result: NOTE
checkRd: (-1) performance.Rd:35: Escaped LaTeX specials: \#
checkRd: (-1) performance.Rd:36: Escaped LaTeX specials: \# \# \#
checkRd: (-1) performance.Rd:37: Escaped LaTeX specials: \# \#
Flavors: r-devel-linux-x86_64-debian-clang, r-devel-linux-x86_64-debian-gcc, r-devel-linux-x86_64-fedora-clang, r-devel-linux-x86_64-fedora-gcc, r-devel-windows-x86_64, r-patched-linux-x86_64, r-release-linux-x86_64, r-release-macos-arm64, r-release-macos-x86_64, r-release-windows-x86_64, r-oldrel-macos-arm64, r-oldrel-macos-x86_64, r-oldrel-windows-x86_64