CRAN Package Check Results for Package RPPASPACE

Last updated on 2025-11-20 02:49:25 CET.

Flavor Version Tinstall Tcheck Ttotal Status Flags
r-devel-linux-x86_64-debian-clang 1.0.10 15.12 118.31 133.43 OK
r-devel-linux-x86_64-debian-gcc 1.0.10 10.41 85.00 95.41 OK
r-devel-linux-x86_64-fedora-clang 1.0.10 35.00 172.28 207.28 NOTE
r-devel-linux-x86_64-fedora-gcc 1.0.10 85.00 141.40 226.40 NOTE
r-devel-windows-x86_64 1.0.10 20.00 126.00 146.00 NOTE
r-patched-linux-x86_64 1.0.10 17.64 110.78 128.42 OK
r-release-linux-x86_64 1.0.10 16.77 112.03 128.80 OK
r-release-macos-arm64 1.0.10 OK
r-release-macos-x86_64 1.0.10 15.00 116.00 131.00 OK
r-release-windows-x86_64 1.0.10 18.00 125.00 143.00 OK
r-oldrel-macos-arm64 1.0.10 OK
r-oldrel-macos-x86_64 1.0.10 12.00 81.00 93.00 OK
r-oldrel-windows-x86_64 1.0.10 24.00 156.00 180.00 OK

Check Details

Version: 1.0.10
Check: dependencies in R code
Result: NOTE Namespaces in Imports field not imported from: ‘SparseM’ ‘nlme’ All declared Imports should be used. Flavors: r-devel-linux-x86_64-fedora-clang, r-devel-linux-x86_64-fedora-gcc

Version: 1.0.10
Check: Rd files
Result: NOTE checkRd: (-1) rs01-RPPA-class.Rd:103-115: Only 11 columns allowed in this table (row 1 has 3) checkRd: (-1) rs01-RPPA-class.Rd:103-115: Only 11 columns allowed in this table (row 2 has 4) checkRd: (-1) rs01-RPPA-class.Rd:103-115: Only 11 columns allowed in this table (row 3 has 4) checkRd: (-1) rs01-RPPA-class.Rd:103-115: Only 11 columns allowed in this table (row 4 has 4) checkRd: (-1) rs01-RPPA-class.Rd:103-115: Only 11 columns allowed in this table (row 5 has 4) checkRd: (-1) rs01-RPPA-class.Rd:103-115: Only 11 columns allowed in this table (row 6 has 4) checkRd: (-1) rs01-RPPA-class.Rd:103-115: Only 11 columns allowed in this table (row 7 has 4) checkRd: (-1) rs01-RPPA-class.Rd:103-115: Only 11 columns allowed in this table (row 8 has 4) checkRd: (-1) rs01-RPPA-class.Rd:103-115: Only 11 columns allowed in this table (row 9 has 4) checkRd: (-1) rs01-RPPA-class.Rd:103-115: Only 11 columns allowed in this table (row 10 has 4) checkRd: (-1) rs01-RPPA-class.Rd:103-115: Only 11 columns allowed in this table (row 11 has 2) checkRd: (-1) rs15-normalize.Rd:36-42: Only 3 columns allowed in this table (row 1 has 2) checkRd: (-1) rs15-normalize.Rd:36-42: Only 3 columns allowed in this table (row 2 has 2) checkRd: (-1) rs15-normalize.Rd:36-42: Only 3 columns allowed in this table (row 3 has 2) checkRd: (-1) rs15-normalize.Rd:36-42: Only 3 columns allowed in this table (row 4 has 2) checkRd: (-1) rs15-normalize.Rd:36-42: Only 3 columns allowed in this table (row 5 has 2) Flavor: r-devel-windows-x86_64