Last updated on 2024-07-27 01:53:22 CEST.
Flavor | Version | Tinstall | Tcheck | Ttotal | Status | Flags |
---|---|---|---|---|---|---|
r-devel-linux-x86_64-debian-clang | 1.4.9 | 19.86 | 164.84 | 184.70 | OK | |
r-devel-linux-x86_64-debian-gcc | 1.4.9 | 14.34 | 122.18 | 136.52 | OK | |
r-devel-linux-x86_64-fedora-clang | 1.4.9 | 245.69 | NOTE | |||
r-devel-linux-x86_64-fedora-gcc | 1.4.9 | 248.19 | OK | |||
r-devel-windows-x86_64 | 1.4.9 | 20.00 | 152.00 | 172.00 | NOTE | |
r-patched-linux-x86_64 | 1.4.9 | OK | ||||
r-release-linux-x86_64 | 1.4.9 | 13.21 | 160.56 | 173.77 | OK | |
r-release-macos-arm64 | 1.4.9 | 69.00 | NOTE | |||
r-release-macos-x86_64 | 1.4.9 | 134.00 | NOTE | |||
r-release-windows-x86_64 | 1.4.9 | 18.00 | 162.00 | 180.00 | NOTE | |
r-oldrel-macos-arm64 | 1.4.9 | 73.00 | NOTE | |||
r-oldrel-macos-x86_64 | 1.4.9 | 170.00 | NOTE | |||
r-oldrel-windows-x86_64 | 1.4.9 | 24.00 | 179.00 | 203.00 | NOTE |
Version: 1.4.9
Check: installed package size
Result: NOTE
installed size is 5.4Mb
sub-directories of 1Mb or more:
extdata 4.5Mb
Flavors: r-devel-linux-x86_64-fedora-clang, r-devel-windows-x86_64, r-release-macos-arm64, r-release-macos-x86_64, r-release-windows-x86_64, r-oldrel-macos-arm64, r-oldrel-macos-x86_64, r-oldrel-windows-x86_64