Last updated on 2024-07-27 01:53:22 CEST.
Flavor | Version | Tinstall | Tcheck | Ttotal | Status | Flags |
---|---|---|---|---|---|---|
r-devel-linux-x86_64-debian-clang | 0.4.22 | 221.90 | 67.37 | 289.27 | NOTE | |
r-devel-linux-x86_64-debian-gcc | 0.4.22 | 148.90 | 53.13 | 202.03 | NOTE | |
r-devel-linux-x86_64-fedora-clang | 0.4.22 | 619.71 | NOTE | |||
r-devel-linux-x86_64-fedora-gcc | 0.4.22 | 505.81 | NOTE | |||
r-devel-windows-x86_64 | 0.4.22 | 292.00 | 189.00 | 481.00 | NOTE | |
r-patched-linux-x86_64 | 0.4.22 | OK | ||||
r-release-linux-x86_64 | 0.4.22 | 196.65 | 67.27 | 263.92 | OK | |
r-release-macos-arm64 | 0.4.22 | 97.00 | NOTE | |||
r-release-macos-x86_64 | 0.4.22 | 117.00 | NOTE | |||
r-release-windows-x86_64 | 0.4.22 | 353.00 | 175.00 | 528.00 | NOTE | |
r-oldrel-macos-arm64 | 0.4.22 | 127.00 | NOTE | |||
r-oldrel-macos-x86_64 | 0.4.22 | 249.00 | NOTE | |||
r-oldrel-windows-x86_64 | 0.4.22 | 253.00 | 200.00 | 453.00 | NOTE |
Version: 0.4.22
Check: compiled code
Result: NOTE
File ‘RProtoBuf/libs/RProtoBuf.so’:
Found non-API call to R: ‘SET_TYPEOF’
Compiled code should not call non-API entry points in R.
See ‘Writing portable packages’ in the ‘Writing R Extensions’ manual,
and section ‘Moving into C API compliance’ for issues with the use of
non-API entry points.
Flavors: r-devel-linux-x86_64-debian-clang, r-devel-linux-x86_64-debian-gcc, r-devel-linux-x86_64-fedora-clang, r-devel-linux-x86_64-fedora-gcc
Version: 0.4.22
Check: installed package size
Result: NOTE
installed size is 5.3Mb
sub-directories of 1Mb or more:
libs 4.0Mb
Flavors: r-devel-windows-x86_64, r-release-macos-arm64, r-release-macos-x86_64, r-release-windows-x86_64, r-oldrel-macos-arm64, r-oldrel-macos-x86_64, r-oldrel-windows-x86_64
Version: 0.4.22
Check: compiled code
Result: NOTE
File 'RProtoBuf/libs/x64/RProtoBuf.dll':
Found non-API call to R: 'SET_TYPEOF'
Compiled code should not call non-API entry points in R.
See 'Writing portable packages' in the 'Writing R Extensions' manual,
and section 'Moving into C API compliance' for issues with the use of
non-API entry points.
Flavor: r-devel-windows-x86_64