Last updated on 2025-05-25 02:50:18 CEST.
Flavor | Version | Tinstall | Tcheck | Ttotal | Status | Flags |
---|---|---|---|---|---|---|
r-devel-linux-x86_64-debian-clang | 0.7.5 | 12.95 | 94.25 | 107.20 | NOTE | |
r-devel-linux-x86_64-debian-gcc | 0.7.5 | 8.05 | 68.29 | 76.34 | NOTE | |
r-devel-linux-x86_64-fedora-clang | 0.7.5 | 169.30 | OK | |||
r-devel-linux-x86_64-fedora-gcc | 0.7.5 | 175.93 | OK | |||
r-devel-windows-x86_64 | 0.7.5 | 15.00 | 105.00 | 120.00 | NOTE | |
r-patched-linux-x86_64 | 0.7.5 | 11.80 | 89.73 | 101.53 | NOTE | |
r-release-linux-x86_64 | 0.7.5 | 12.48 | 89.35 | 101.83 | NOTE | |
r-release-macos-arm64 | 0.7.5 | 58.00 | OK | |||
r-release-macos-x86_64 | 0.7.5 | 112.00 | OK | |||
r-release-windows-x86_64 | 0.7.5 | 14.00 | 103.00 | 117.00 | NOTE | |
r-oldrel-macos-arm64 | 0.7.5 | 53.00 | OK | |||
r-oldrel-macos-x86_64 | 0.7.5 | 78.00 | OK | |||
r-oldrel-windows-x86_64 | 0.7.5 | 18.00 | 127.00 | 145.00 | OK |
Version: 0.7.5
Check: Rd cross-references
Result: NOTE
Found the following Rd file(s) with Rd \link{} targets missing package
anchors:
RRmixed.Rd: lme4, glmer
Please provide package anchors for all Rd \link{} targets not in the
package itself and the base packages.
Flavors: r-devel-linux-x86_64-debian-clang, r-devel-linux-x86_64-debian-gcc, r-devel-windows-x86_64, r-patched-linux-x86_64, r-release-linux-x86_64, r-release-windows-x86_64