CRAN Package Check Results for Package RSE

Last updated on 2025-05-04 02:50:17 CEST.

Flavor Version Tinstall Tcheck Ttotal Status Flags
r-devel-linux-x86_64-debian-clang 1.3 2.42 23.38 25.80 NOTE
r-devel-linux-x86_64-debian-gcc 1.3 1.79 17.91 19.70 NOTE
r-devel-linux-x86_64-fedora-clang 1.3 39.95 OK
r-devel-linux-x86_64-fedora-gcc 1.3 39.28 OK
r-devel-windows-x86_64 1.3 3.00 44.00 47.00 OK
r-patched-linux-x86_64 1.3 2.70 22.34 25.04 OK
r-release-linux-x86_64 OK
r-release-macos-arm64 1.3 18.00 OK
r-release-macos-x86_64 1.3 27.00 OK
r-release-windows-x86_64 1.3 6.00 44.00 50.00 OK
r-oldrel-macos-arm64 1.3 16.00 OK
r-oldrel-macos-x86_64 1.3 30.00 OK
r-oldrel-windows-x86_64 1.3 4.00 42.00 46.00 OK

Check Details

Version: 1.3
Check: CRAN incoming feasibility
Result: NOTE Maintainer: ‘Youhua Chen <haydi@126.com>’ No Authors@R field in DESCRIPTION. Please add one, modifying Authors@R: c(person(given = c("Youhua", "Chen,Tsung-Jen"), family = "Shen", role = "aut"), person(given = "Youhua", family = "Chen", role = "cre", email = "haydi@126.com")) as necessary. Flavors: r-devel-linux-x86_64-debian-clang, r-devel-linux-x86_64-debian-gcc