CRAN Package Check Results for Package RSiena

Last updated on 2025-05-25 02:50:18 CEST.

Flavor Version Tinstall Tcheck Ttotal Status Flags
r-devel-linux-x86_64-debian-clang 1.4.7 282.80 231.84 514.64 NOTE
r-devel-linux-x86_64-debian-gcc 1.4.7 197.25 158.06 355.31 NOTE
r-devel-linux-x86_64-fedora-clang 1.4.7 1417.35 OK
r-devel-linux-x86_64-fedora-gcc 1.4.7 965.89 OK
r-devel-windows-x86_64 1.4.7 441.00 266.00 707.00 NOTE
r-patched-linux-x86_64 1.4.7 273.67 221.22 494.89 NOTE
r-release-linux-x86_64 1.4.7 266.81 229.78 496.59 NOTE
r-release-macos-arm64 1.4.7 228.00 OK
r-release-macos-x86_64 1.4.7 322.00 OK
r-release-windows-x86_64 1.4.7 407.00 278.00 685.00 NOTE
r-oldrel-macos-arm64 1.4.7 194.00 NOTE
r-oldrel-macos-x86_64 1.4.7 246.00 NOTE
r-oldrel-windows-x86_64 1.4.7 467.00 328.00 795.00 OK

Additional issues

rchk valgrind

Check Details

Version: 1.4.7
Check: Rd cross-references
Result: NOTE Found the following Rd file(s) with Rd \link{} targets missing package anchors: iwlsm.Rd: lqs plot.sienaTimeTest.Rd: xyplot sienaDependent.Rd: Matrix Please provide package anchors for all Rd \link{} targets not in the package itself and the base packages. Flavors: r-devel-linux-x86_64-debian-clang, r-devel-linux-x86_64-debian-gcc, r-devel-windows-x86_64, r-patched-linux-x86_64, r-release-linux-x86_64, r-release-windows-x86_64

Version: 1.4.7
Check: installed package size
Result: NOTE installed size is 26.4Mb sub-directories of 1Mb or more: R 1.1Mb libs 24.9Mb Flavors: r-oldrel-macos-arm64, r-oldrel-macos-x86_64