Last updated on 2024-07-27 01:53:22 CEST.
Flavor | Version | Tinstall | Tcheck | Ttotal | Status | Flags |
---|---|---|---|---|---|---|
r-devel-linux-x86_64-debian-clang | 1.3.5 | 57.77 | 127.69 | 185.46 | OK | |
r-devel-linux-x86_64-debian-gcc | 1.3.5 | 41.66 | 98.97 | 140.63 | OK | |
r-devel-linux-x86_64-fedora-clang | 1.3.5 | 295.51 | NOTE | |||
r-devel-linux-x86_64-fedora-gcc | 1.3.5 | 256.13 | NOTE | |||
r-devel-windows-x86_64 | 1.3.5 | 50.00 | 150.00 | 200.00 | OK | |
r-patched-linux-x86_64 | 1.3.5 | OK | ||||
r-release-linux-x86_64 | 1.3.5 | 37.95 | 124.16 | 162.11 | OK | |
r-release-macos-arm64 | 1.3.5 | 81.00 | OK | |||
r-release-macos-x86_64 | 1.3.5 | 171.00 | OK | |||
r-release-windows-x86_64 | 1.3.5 | 65.00 | 146.00 | 211.00 | OK | |
r-oldrel-macos-arm64 | 1.3.5 | 72.00 | OK | |||
r-oldrel-macos-x86_64 | 1.3.5 | 124.00 | OK | |||
r-oldrel-windows-x86_64 | 1.3.5 | 66.00 | 181.00 | 247.00 | OK |
Version: 1.3.5
Check: package dependencies
Result: NOTE
Imports includes 23 non-default packages.
Importing from so many packages makes the package vulnerable to any of
them becoming unavailable. Move as many as possible to Suggests and
use conditionally.
Flavor: r-devel-linux-x86_64-fedora-clang
Version: 1.3.5
Check: data for non-ASCII characters
Result: NOTE
Note: found 50 marked UTF-8 strings
Flavors: r-devel-linux-x86_64-fedora-clang, r-devel-linux-x86_64-fedora-gcc