Last updated on 2025-05-05 01:51:01 CEST.
Flavor | Version | Tinstall | Tcheck | Ttotal | Status | Flags |
---|---|---|---|---|---|---|
r-devel-linux-x86_64-debian-clang | 3.2.1 | 4.44 | 28.27 | 32.71 | NOTE | |
r-devel-linux-x86_64-debian-gcc | 3.2.1 | 2.88 | 21.74 | 24.62 | NOTE | |
r-devel-linux-x86_64-fedora-clang | 3.2.1 | 49.66 | OK | |||
r-devel-linux-x86_64-fedora-gcc | 3.2.1 | 48.72 | OK | |||
r-devel-windows-x86_64 | 3.2.1 | 5.00 | 49.00 | 54.00 | OK | |
r-patched-linux-x86_64 | 3.2.1 | 4.96 | 27.16 | 32.12 | OK | |
r-release-linux-x86_64 | 3.2.1 | 3.98 | 26.84 | 30.82 | OK | |
r-release-macos-arm64 | 3.2.1 | 18.00 | OK | |||
r-release-macos-x86_64 | 3.2.1 | 33.00 | OK | |||
r-release-windows-x86_64 | 3.2.1 | 7.00 | 49.00 | 56.00 | OK | |
r-oldrel-macos-arm64 | 3.2.1 | 18.00 | OK | |||
r-oldrel-macos-x86_64 | 3.2.1 | 26.00 | OK | |||
r-oldrel-windows-x86_64 | 3.2.1 | 5.00 | 47.00 | 52.00 | OK |
Version: 3.2.1
Check: CRAN incoming feasibility
Result: NOTE
Maintainer: ‘John Ruscio <ruscio@tcnj.edu>’
No Authors@R field in DESCRIPTION.
Please add one, modifying
Authors@R: c(person(given = "John",
family = "Ruscio",
role = c("aut", "cre"),
email = "ruscio@tcnj.edu"),
person(given = "Shirley",
family = "Wang",
role = "aut",
email = "shirleywang@g.harvard.edu"))
as necessary.
Flavors: r-devel-linux-x86_64-debian-clang, r-devel-linux-x86_64-debian-gcc