Last updated on 2025-02-21 02:52:22 CET.
Flavor | Version | Tinstall | Tcheck | Ttotal | Status | Flags |
---|---|---|---|---|---|---|
r-devel-linux-x86_64-debian-clang | 1.0 | 83.79 | 26.16 | 109.95 | OK | |
r-devel-linux-x86_64-debian-gcc | 1.0 | 59.72 | 20.35 | 80.07 | OK | |
r-devel-linux-x86_64-fedora-clang | 1.0 | 220.28 | OK | |||
r-devel-linux-x86_64-fedora-gcc | 1.0 | 205.33 | OK | |||
r-devel-macos-arm64 | 1.0 | 43.00 | OK | |||
r-devel-macos-x86_64 | 1.0 | 51.00 | OK | |||
r-devel-windows-x86_64 | 1.0 | 80.00 | 87.00 | 167.00 | OK | |
r-patched-linux-x86_64 | 1.0 | 86.21 | 24.79 | 111.00 | OK | |
r-release-linux-x86_64 | 1.0 | 85.45 | 25.08 | 110.53 | OK | |
r-release-macos-arm64 | 1.0 | 52.00 | NOTE | |||
r-release-macos-x86_64 | 1.0 | 77.00 | NOTE | |||
r-release-windows-x86_64 | 1.0 | 81.00 | 80.00 | 161.00 | OK | |
r-oldrel-macos-arm64 | 1.0 | 49.00 | NOTE | |||
r-oldrel-macos-x86_64 | 1.0 | 77.00 | NOTE | |||
r-oldrel-windows-x86_64 | 1.0 | 93.00 | 87.00 | 180.00 | OK |
Version: 1.0
Check: installed package size
Result: NOTE
installed size is 6.5Mb
sub-directories of 1Mb or more:
libs 5.8Mb
Flavors: r-release-macos-arm64, r-release-macos-x86_64, r-oldrel-macos-arm64, r-oldrel-macos-x86_64