Last updated on 2024-07-27 01:53:21 CEST.
Flavor | Version | Tinstall | Tcheck | Ttotal | Status | Flags |
---|---|---|---|---|---|---|
r-devel-linux-x86_64-debian-clang | 0.3.14 | 99.60 | 36.37 | 135.97 | NOTE | |
r-devel-linux-x86_64-debian-gcc | 0.3.14 | 78.05 | 28.20 | 106.25 | NOTE | |
r-devel-linux-x86_64-fedora-clang | 0.3.14 | 299.97 | NOTE | |||
r-devel-linux-x86_64-fedora-gcc | 0.3.14 | 243.00 | NOTE | |||
r-devel-windows-x86_64 | 0.3.14 | 86.00 | 163.00 | 249.00 | NOTE | |
r-patched-linux-x86_64 | 0.3.14 | NOTE | ||||
r-release-linux-x86_64 | 0.3.14 | 92.53 | 36.44 | 128.97 | NOTE | |
r-release-macos-arm64 | 0.3.14 | 6.00 | ERROR | |||
r-release-macos-x86_64 | 0.3.14 | 81.00 | NOTE | |||
r-release-windows-x86_64 | 0.3.14 | 120.00 | 152.00 | 272.00 | NOTE | |
r-oldrel-macos-arm64 | 0.3.14 | 13.00 | ERROR | |||
r-oldrel-macos-x86_64 | 0.3.14 | 130.00 | NOTE | |||
r-oldrel-windows-x86_64 | 0.3.14 | 79.00 | 167.00 | 246.00 | NOTE |
Version: 0.3.14
Check: C++ specification
Result: NOTE
Specified C++11: please drop specification unless essential
Flavors: r-devel-linux-x86_64-debian-clang, r-devel-linux-x86_64-debian-gcc, r-devel-linux-x86_64-fedora-clang, r-devel-linux-x86_64-fedora-gcc, r-devel-windows-x86_64, r-patched-linux-x86_64, r-release-linux-x86_64, r-release-macos-x86_64, r-release-windows-x86_64, r-oldrel-macos-x86_64, r-oldrel-windows-x86_64
Version: 0.3.14
Check: installed package size
Result: NOTE
installed size is 8.5Mb
sub-directories of 1Mb or more:
blp 7.1Mb
Flavors: r-devel-linux-x86_64-fedora-clang, r-devel-windows-x86_64, r-release-macos-x86_64, r-release-windows-x86_64, r-oldrel-macos-x86_64, r-oldrel-windows-x86_64
Version: 0.3.14
Check: whether package can be installed
Result: ERROR
Installation failed.
Flavors: r-release-macos-arm64, r-oldrel-macos-arm64