Last updated on 2025-11-13 01:50:31 CET.
| Flavor | Version | Tinstall | Tcheck | Ttotal | Status | Flags |
|---|---|---|---|---|---|---|
| r-devel-linux-x86_64-debian-clang | 0.3-6 | 19.17 | 121.85 | 141.02 | NOTE | |
| r-devel-linux-x86_64-debian-gcc | 0.3-6 | 10.92 | 82.78 | 93.70 | NOTE | |
| r-devel-linux-x86_64-fedora-clang | 0.3-6 | 41.00 | 170.99 | 211.99 | NOTE | |
| r-devel-linux-x86_64-fedora-gcc | 0.3-6 | 37.00 | 167.56 | 204.56 | NOTE | |
| r-devel-windows-x86_64 | 0.3-6 | 17.00 | 129.00 | 146.00 | NOTE | |
| r-patched-linux-x86_64 | 0.3-6 | 15.20 | 114.94 | 130.14 | NOTE | |
| r-release-linux-x86_64 | 0.3-6 | 16.36 | 113.87 | 130.23 | NOTE | |
| r-release-macos-arm64 | 0.3-6 | 8.00 | 53.00 | 61.00 | NOTE | |
| r-release-macos-x86_64 | 0.3-6 | 16.00 | 99.00 | 115.00 | NOTE | |
| r-release-windows-x86_64 | 0.3-6 | 16.00 | 129.00 | 145.00 | NOTE | |
| r-oldrel-macos-arm64 | 0.3-6 | 6.00 | 42.00 | 48.00 | NOTE | |
| r-oldrel-macos-x86_64 | 0.3-6 | 10.00 | 68.00 | 78.00 | NOTE | |
| r-oldrel-windows-x86_64 | 0.3-6 | 23.00 | 145.00 | 168.00 | NOTE |
Version: 0.3-6
Check: Rd files
Result: NOTE
checkRd: (-1) Rchoice.Rd:159: Lost braces; missing escapes or markup?
159 | \code{ranp}. If the parameters are assumed to be normally distributed \eqn{\beta_i ~ N(\beta, \Sigma)}, then the random parameter are constructed as: \deqn{\beta_{ir}=\beta+L\omega_{ir}} where \eqn{LL'=\Sigma} and \eqn{\omega_{ir}} is the {r}-th draw from standard normal distribution for individual \eqn{i}.
| ^
Flavors: r-devel-linux-x86_64-debian-clang, r-devel-linux-x86_64-debian-gcc, r-devel-linux-x86_64-fedora-clang, r-devel-linux-x86_64-fedora-gcc, r-devel-windows-x86_64, r-patched-linux-x86_64, r-release-linux-x86_64, r-release-macos-arm64, r-release-macos-x86_64, r-release-windows-x86_64, r-oldrel-macos-arm64, r-oldrel-macos-x86_64, r-oldrel-windows-x86_64