Last updated on 2024-07-27 01:53:21 CEST.
Flavor | Version | Tinstall | Tcheck | Ttotal | Status | Flags |
---|---|---|---|---|---|---|
r-devel-linux-x86_64-debian-clang | 0.2-2 | 22.23 | 176.26 | 198.49 | OK | |
r-devel-linux-x86_64-debian-gcc | 0.2-2 | 17.62 | 127.33 | 144.95 | NOTE | |
r-devel-linux-x86_64-fedora-clang | 0.2-2 | 253.27 | OK | |||
r-devel-linux-x86_64-fedora-gcc | 0.2-2 | 253.98 | OK | |||
r-devel-windows-x86_64 | 0.2-2 | 28.00 | 170.00 | 198.00 | NOTE | |
r-patched-linux-x86_64 | 0.2-2 | OK | ||||
r-release-linux-x86_64 | 0.2-2 | 20.01 | 164.69 | 184.70 | OK | |
r-release-macos-arm64 | 0.2-2 | 86.00 | OK | |||
r-release-macos-x86_64 | 0.2-2 | 111.00 | OK | |||
r-release-windows-x86_64 | 0.2-2 | 26.00 | 172.00 | 198.00 | OK | |
r-oldrel-macos-arm64 | 0.2-2 | 71.00 | OK | |||
r-oldrel-macos-x86_64 | 0.2-2 | 224.00 | OK | |||
r-oldrel-windows-x86_64 | 0.2-2 | 25.00 | 157.00 | 182.00 | OK |
Version: 0.2-2
Check: Rd cross-references
Result: NOTE
Found the following Rd file(s) with Rd \link{} targets missing package
anchors:
RcmdrPlugin.BWS2-package.Rd: DoE.base, Rcmdr, support.BWS2,
support.CEs, survival
Please provide package anchors for all Rd \link{} targets not in the
package itself and the base packages.
Flavors: r-devel-linux-x86_64-debian-gcc, r-devel-windows-x86_64