Last updated on 2024-07-27 01:53:21 CEST.
Flavor | Version | Tinstall | Tcheck | Ttotal | Status | Flags |
---|---|---|---|---|---|---|
r-devel-linux-x86_64-debian-clang | 0.2-3 | 23.33 | 173.13 | 196.46 | OK | |
r-devel-linux-x86_64-debian-gcc | 0.2-3 | 17.36 | 126.00 | 143.36 | NOTE | |
r-devel-linux-x86_64-fedora-clang | 0.2-3 | 248.99 | OK | |||
r-devel-linux-x86_64-fedora-gcc | 0.2-3 | 250.79 | OK | |||
r-devel-windows-x86_64 | 0.2-3 | 28.00 | 181.00 | 209.00 | NOTE | |
r-patched-linux-x86_64 | 0.2-3 | OK | ||||
r-release-linux-x86_64 | 0.2-3 | 17.57 | 163.18 | 180.75 | OK | |
r-release-macos-arm64 | 0.2-3 | 89.00 | OK | |||
r-release-macos-x86_64 | 0.2-3 | 116.00 | OK | |||
r-release-windows-x86_64 | 0.2-3 | 24.00 | 177.00 | 201.00 | OK | |
r-oldrel-macos-arm64 | 0.2-3 | 68.00 | OK | |||
r-oldrel-macos-x86_64 | 0.2-3 | 143.00 | OK | |||
r-oldrel-windows-x86_64 | 0.2-3 | 24.00 | 163.00 | 187.00 | OK |
Version: 0.2-3
Check: Rd cross-references
Result: NOTE
Found the following Rd file(s) with Rd \link{} targets missing package
anchors:
RcmdrPlugin.DCE-package.Rd: support.CEs, Rcmdr
Please provide package anchors for all Rd \link{} targets not in the
package itself and the base packages.
Flavors: r-devel-linux-x86_64-debian-gcc, r-devel-windows-x86_64