Last updated on 2025-02-20 01:50:44 CET.
Flavor | Version | Tinstall | Tcheck | Ttotal | Status | Flags |
---|---|---|---|---|---|---|
r-devel-linux-x86_64-debian-clang | 1.0.14 | 34.83 | 69.13 | 103.96 | OK | |
r-devel-linux-x86_64-debian-gcc | 1.0.14 | 27.32 | 53.54 | 80.86 | OK | |
r-devel-linux-x86_64-fedora-clang | 1.0.14 | 194.24 | NOTE | |||
r-devel-linux-x86_64-fedora-gcc | 1.0.14 | 197.53 | NOTE | |||
r-devel-macos-arm64 | 1.0.14 | 66.00 | OK | |||
r-devel-macos-x86_64 | 1.0.14 | 136.00 | OK | |||
r-devel-windows-x86_64 | 1.0.14 | 51.00 | 211.00 | 262.00 | OK | |
r-patched-linux-x86_64 | 1.0.14 | 30.23 | 67.03 | 97.26 | OK | |
r-release-linux-x86_64 | 1.0.14 | 31.85 | 66.48 | 98.33 | OK | |
r-release-macos-arm64 | 1.0.14 | 70.00 | NOTE | |||
r-release-macos-x86_64 | 1.0.14 | 133.00 | NOTE | |||
r-release-windows-x86_64 | 1.0.14 | 51.00 | 218.00 | 269.00 | NOTE | |
r-oldrel-macos-arm64 | 1.0.14 | 85.00 | NOTE | |||
r-oldrel-macos-x86_64 | 1.0.14 | 121.00 | NOTE | |||
r-oldrel-windows-x86_64 | 1.0.14 | 50.00 | 185.00 | 235.00 | NOTE |
Version: 1.0.14
Check: foreign function calls
Result: NOTE
Registration problem:
symbol ‘symbol’ in the local frame:
.Call(symbol)
See chapter ‘System and foreign language interfaces’ in the ‘Writing R
Extensions’ manual.
Flavors: r-devel-linux-x86_64-fedora-clang, r-devel-linux-x86_64-fedora-gcc
Version: 1.0.14
Check: installed package size
Result: NOTE
installed size is 14.5Mb
sub-directories of 1Mb or more:
doc 1.1Mb
include 6.3Mb
libs 5.2Mb
Flavors: r-release-macos-arm64, r-release-macos-x86_64, r-release-windows-x86_64, r-oldrel-macos-arm64, r-oldrel-macos-x86_64, r-oldrel-windows-x86_64